CRAN Package Check Results for Package lfl

Last updated on 2022-01-27 02:51:31 CET.

Flavor Version Tinstall Tcheck Ttotal Status Flags
r-devel-linux-x86_64-debian-clang 2.1.2 73.23 138.87 212.10 OK
r-devel-linux-x86_64-debian-gcc 2.1.2 51.78 102.55 154.33 OK
r-devel-linux-x86_64-fedora-clang 2.1.2 281.70 OK
r-devel-linux-x86_64-fedora-gcc 2.1.2 258.83 OK
r-devel-windows-x86_64-new-UL 2.1.2 122.00 180.00 302.00 NOTE
r-devel-windows-x86_64-new-TK 2.1.2 NOTE
r-patched-linux-x86_64 2.1.2 66.26 126.38 192.64 OK
r-release-linux-x86_64 2.1.2 59.51 128.20 187.71 OK
r-release-macos-arm64 2.1.2 OK
r-release-macos-x86_64 2.1.2 OK
r-release-windows-ix86+x86_64 2.1.2 175.00 247.00 422.00 NOTE
r-oldrel-macos-x86_64 2.1.2 OK
r-oldrel-windows-ix86+x86_64 2.1.2 175.00 251.00 426.00 NOTE

Check Details

Version: 2.1.2
Check: package dependencies
Result: NOTE
    Package suggested but not available for checking: 'doMC'
Flavors: r-devel-windows-x86_64-new-UL, r-devel-windows-x86_64-new-TK, r-release-windows-ix86+x86_64, r-oldrel-windows-ix86+x86_64

Version: 2.1.2
Check: Rd cross-references
Result: NOTE
    Package unavailable to check Rd xrefs: 'doMC'
Flavors: r-devel-windows-x86_64-new-UL, r-devel-windows-x86_64-new-TK, r-release-windows-ix86+x86_64, r-oldrel-windows-ix86+x86_64