CRAN Package Check Results for Package libr

Last updated on 2021-08-04 02:50:02 CEST.

Flavor Version Tinstall Tcheck Ttotal Status Flags
r-devel-linux-x86_64-debian-clang 1.2.0 27.24 131.72 158.96 OK
r-devel-linux-x86_64-debian-gcc 1.2.0 20.05 94.40 114.45 OK
r-devel-linux-x86_64-fedora-clang 1.2.0 211.61 NOTE
r-devel-linux-x86_64-fedora-gcc 1.2.0 177.69 OK
r-devel-windows-x86_64 1.2.0 39.00 189.00 228.00 OK
r-devel-windows-x86_64-gcc10-UCRT 1.2.0 OK
r-patched-linux-x86_64 1.2.0 21.84 117.46 139.30 OK
r-patched-solaris-x86 1.2.0 224.10 OK
r-release-linux-x86_64 1.2.0 22.23 118.29 140.52 OK
r-release-macos-arm64 1.2.0 OK
r-release-macos-x86_64 1.2.0 OK
r-release-windows-ix86+x86_64 1.2.0 56.00 288.00 344.00 OK
r-oldrel-macos-x86_64 1.2.0 OK
r-oldrel-windows-ix86+x86_64 1.2.0 43.00 291.00 334.00 OK

Check Details

Version: 1.2.0
Check: Rd cross-references
Result: NOTE
    Undeclared package ‘fmtr’ in Rd xrefs
Flavor: r-devel-linux-x86_64-fedora-clang