CRAN Package Check Results for Package lingtypology

Last updated on 2022-01-29 02:49:52 CET.

Flavor Version Tinstall Tcheck Ttotal Status Flags
r-devel-linux-x86_64-debian-clang 1.1.8 10.63 108.90 119.53 OK
r-devel-linux-x86_64-debian-gcc 1.1.8 8.63 84.40 93.03 OK
r-devel-linux-x86_64-fedora-clang 1.1.8 138.04 NOTE
r-devel-linux-x86_64-fedora-gcc 1.1.8 123.37 NOTE
r-devel-windows-x86_64-new-UL 1.1.8 215.00 190.00 405.00 OK
r-devel-windows-x86_64-new-TK 1.1.8 NOTE
r-patched-linux-x86_64 1.1.8 13.66 98.19 111.85 OK
r-release-linux-x86_64 1.1.8 7.82 99.73 107.55 OK
r-release-macos-arm64 1.1.8 NOTE
r-release-macos-x86_64 1.1.8 NOTE
r-release-windows-ix86+x86_64 1.1.8 16.00 151.00 167.00 OK
r-oldrel-macos-x86_64 1.1.8 NOTE
r-oldrel-windows-ix86+x86_64 1.1.8 16.00 151.00 167.00 OK

Check Details

Version: 1.1.8
Check: Rd cross-references
Result: NOTE
    Undeclared package ‘magrittr’ in Rd xrefs
Flavor: r-devel-linux-x86_64-fedora-clang

Version: 1.1.8
Check: data for non-ASCII characters
Result: NOTE
     Note: found 60522 marked UTF-8 strings
Flavors: r-devel-linux-x86_64-fedora-clang, r-devel-linux-x86_64-fedora-gcc, r-devel-windows-x86_64-new-TK, r-release-macos-arm64, r-release-macos-x86_64, r-oldrel-macos-x86_64