CRAN Package Check Results for Package lingtypology

Last updated on 2022-06-30 02:52:28 CEST.

Flavor Version Tinstall Tcheck Ttotal Status Flags
r-devel-linux-x86_64-debian-clang 1.1.9 10.19 103.89 114.08 OK
r-devel-linux-x86_64-debian-gcc 1.1.9 8.94 79.47 88.41 OK
r-devel-linux-x86_64-fedora-clang 1.1.9 144.04 NOTE
r-devel-linux-x86_64-fedora-gcc 1.1.9 139.30 NOTE
r-devel-windows-x86_64 1.1.9 18.00 183.00 201.00 OK
r-patched-linux-x86_64 1.1.9 15.02 97.24 112.26 OK
r-release-linux-x86_64 1.1.9 10.75 95.43 106.18 OK
r-release-macos-arm64 1.1.9 53.00 NOTE
r-release-macos-x86_64 1.1.9 67.00 NOTE
r-release-windows-x86_64 1.1.9 28.00 177.00 205.00 OK
r-oldrel-macos-arm64 1.1.9 47.00 NOTE
r-oldrel-macos-x86_64 1.1.9 67.00 NOTE
r-oldrel-windows-ix86+x86_64 1.1.9 19.00 164.00 183.00 OK

Check Details

Version: 1.1.9
Check: Rd cross-references
Result: NOTE
    Undeclared package ‘magrittr’ in Rd xrefs
Flavor: r-devel-linux-x86_64-fedora-clang

Version: 1.1.9
Check: data for non-ASCII characters
Result: NOTE
     Note: found 60596 marked UTF-8 strings
Flavors: r-devel-linux-x86_64-fedora-clang, r-devel-linux-x86_64-fedora-gcc, r-release-macos-arm64, r-release-macos-x86_64, r-oldrel-macos-arm64, r-oldrel-macos-x86_64