CRAN Package Check Results for Package linguisticsdown

Last updated on 2022-08-18 04:56:28 CEST.

Flavor Version Tinstall Tcheck Ttotal Status Flags
r-devel-linux-x86_64-debian-clang 1.2.0 3.76 40.97 44.73 NOTE
r-devel-linux-x86_64-debian-gcc 1.2.0 3.43 32.94 36.37 NOTE
r-devel-linux-x86_64-fedora-clang 1.2.0 66.55 NOTE
r-devel-linux-x86_64-fedora-gcc 1.2.0 65.16 NOTE
r-devel-windows-x86_64 1.2.0 40.00 74.00 114.00 NOTE
r-patched-linux-x86_64 1.2.0 3.82 40.35 44.17 NOTE
r-release-linux-x86_64 1.2.0 2.72 40.11 42.83 NOTE
r-release-macos-arm64 1.2.0 19.00 NOTE
r-release-macos-x86_64 1.2.0 40.00 NOTE
r-release-windows-x86_64 1.2.0 32.00 68.00 100.00 NOTE
r-oldrel-macos-arm64 1.2.0 26.00 NOTE
r-oldrel-macos-x86_64 1.2.0 34.00 NOTE
r-oldrel-windows-ix86+x86_64 1.2.0 11.00 68.00 79.00 NOTE

Check Details

Version: 1.2.0
Check: LazyData
Result: NOTE
     'LazyData' is specified without a 'data' directory
Flavors: r-devel-linux-x86_64-debian-clang, r-devel-linux-x86_64-debian-gcc, r-devel-linux-x86_64-fedora-clang, r-devel-linux-x86_64-fedora-gcc, r-devel-windows-x86_64, r-patched-linux-x86_64, r-release-linux-x86_64, r-release-macos-arm64, r-release-macos-x86_64, r-release-windows-x86_64, r-oldrel-macos-arm64, r-oldrel-macos-x86_64, r-oldrel-windows-ix86+x86_64