CRAN Package Check Results for Package linl

Last updated on 2021-07-24 02:48:36 CEST.

Flavor Version Tinstall Tcheck Ttotal Status Flags
r-devel-linux-x86_64-debian-clang 0.0.4 2.37 33.33 35.70 OK
r-devel-linux-x86_64-debian-gcc 0.0.4 1.83 26.85 28.68 OK
r-devel-linux-x86_64-fedora-clang 0.0.4 52.69 NOTE
r-devel-linux-x86_64-fedora-gcc 0.0.4 41.52 OK
r-devel-windows-x86_64 0.0.4 4.00 45.00 49.00 OK
r-devel-windows-x86_64-gcc10-UCRT 0.0.4 OK
r-patched-linux-x86_64 0.0.4 2.24 32.12 34.36 OK
r-patched-solaris-x86 0.0.4 62.80 OK
r-release-linux-x86_64 0.0.4 2.19 32.24 34.43 OK
r-release-macos-arm64 0.0.4 OK
r-release-macos-x86_64 0.0.4 OK
r-release-windows-ix86+x86_64 0.0.4 6.00 43.00 49.00 OK
r-oldrel-macos-x86_64 0.0.4 OK
r-oldrel-windows-ix86+x86_64 0.0.4 6.00 57.00 63.00 OK

Check Details

Version: 0.0.4
Check: Rd cross-references
Result: NOTE
    Undeclared package ‘pinp’ in Rd xrefs
Flavor: r-devel-linux-x86_64-fedora-clang