CRAN Package Check Results for Package lintr

Last updated on 2021-07-29 02:51:12 CEST.

Flavor Version Tinstall Tcheck Ttotal Status Flags
r-devel-linux-x86_64-debian-clang 2.0.1 NOTE
r-devel-linux-x86_64-debian-gcc 2.0.1 7.02 54.97 61.99 NOTE
r-devel-linux-x86_64-fedora-clang 2.0.1 102.21 NOTE
r-devel-linux-x86_64-fedora-gcc 2.0.1 106.14 NOTE
r-devel-windows-x86_64 2.0.1 16.00 95.00 111.00 NOTE
r-devel-windows-x86_64-gcc10-UCRT 2.0.1 NOTE
r-patched-linux-x86_64 2.0.1 8.55 69.26 77.81 NOTE
r-patched-solaris-x86 2.0.1 133.80 NOTE
r-release-linux-x86_64 2.0.1 9.48 69.57 79.05 NOTE
r-release-macos-arm64 2.0.1 NOTE
r-release-macos-x86_64 2.0.1 NOTE
r-release-windows-ix86+x86_64 2.0.1 13.00 93.00 106.00 NOTE
r-oldrel-macos-x86_64 2.0.1 OK
r-oldrel-windows-ix86+x86_64 2.0.1 14.00 103.00 117.00 OK

Check Details

Version: 2.0.1
Check: LazyData
Result: NOTE
     'LazyData' is specified without a 'data' directory
Flavors: r-devel-linux-x86_64-debian-clang, r-devel-linux-x86_64-debian-gcc, r-devel-linux-x86_64-fedora-clang, r-devel-linux-x86_64-fedora-gcc, r-devel-windows-x86_64, r-devel-windows-x86_64-gcc10-UCRT, r-patched-linux-x86_64, r-patched-solaris-x86, r-release-linux-x86_64, r-release-macos-arm64, r-release-macos-x86_64, r-release-windows-ix86+x86_64