CRAN Package Check Results for Package listdown

Last updated on 2021-07-24 02:48:36 CEST.

Flavor Version Tinstall Tcheck Ttotal Status Flags
r-devel-linux-x86_64-debian-clang 0.4.1 2.61 31.95 34.56 NOTE
r-devel-linux-x86_64-debian-gcc 0.4.1 1.92 24.75 26.67 NOTE
r-devel-linux-x86_64-fedora-clang 0.4.1 50.45 NOTE
r-devel-linux-x86_64-fedora-gcc 0.4.1 41.38 NOTE
r-devel-windows-x86_64 0.4.1 5.00 40.00 45.00 NOTE
r-devel-windows-x86_64-gcc10-UCRT 0.4.1 NOTE
r-patched-linux-x86_64 0.4.1 2.20 30.65 32.85 NOTE
r-patched-solaris-x86 0.4.1 60.50 NOTE
r-release-linux-x86_64 0.4.1 2.36 30.38 32.74 NOTE
r-release-macos-arm64 0.4.1 NOTE
r-release-macos-x86_64 0.4.1 NOTE
r-release-windows-ix86+x86_64 0.4.1 5.00 38.00 43.00 NOTE
r-oldrel-macos-x86_64 0.4.1 OK
r-oldrel-windows-ix86+x86_64 0.4.1 17.00 46.00 63.00 OK

Check Details

Version: 0.4.1
Check: LazyData
Result: NOTE
     'LazyData' is specified without a 'data' directory
Flavors: r-devel-linux-x86_64-debian-clang, r-devel-linux-x86_64-debian-gcc, r-devel-linux-x86_64-fedora-clang, r-devel-linux-x86_64-fedora-gcc, r-devel-windows-x86_64, r-devel-windows-x86_64-gcc10-UCRT, r-patched-linux-x86_64, r-patched-solaris-x86, r-release-linux-x86_64, r-release-macos-arm64, r-release-macos-x86_64, r-release-windows-ix86+x86_64