CRAN Package Check Results for Package litteR

Last updated on 2021-08-02 02:49:53 CEST.

Flavor Version Tinstall Tcheck Ttotal Status Flags
r-devel-linux-x86_64-debian-clang 0.8.2 9.09 74.75 83.84 NOTE
r-devel-linux-x86_64-debian-gcc 0.8.2 5.86 56.31 62.17 NOTE
r-devel-linux-x86_64-fedora-clang 0.8.2 108.44 NOTE
r-devel-linux-x86_64-fedora-gcc 0.8.2 97.32 NOTE
r-devel-windows-x86_64 0.8.2 11.00 94.00 105.00 NOTE
r-devel-windows-x86_64-gcc10-UCRT 0.8.2 NOTE
r-patched-linux-x86_64 0.8.2 NOTE
r-patched-solaris-x86 0.8.2 142.30 NOTE
r-release-linux-x86_64 0.8.2 7.88 69.91 77.79 NOTE
r-release-macos-arm64 0.8.2 NOTE
r-release-macos-x86_64 0.8.2 NOTE
r-release-windows-ix86+x86_64 0.8.2 20.00 95.00 115.00 NOTE
r-oldrel-macos-x86_64 0.8.2 OK
r-oldrel-windows-ix86+x86_64 0.8.2 15.00 95.00 110.00 OK

Check Details

Version: 0.8.2
Check: LazyData
Result: NOTE
     'LazyData' is specified without a 'data' directory
Flavors: r-devel-linux-x86_64-debian-clang, r-devel-linux-x86_64-debian-gcc, r-devel-linux-x86_64-fedora-clang, r-devel-linux-x86_64-fedora-gcc, r-devel-windows-x86_64, r-devel-windows-x86_64-gcc10-UCRT, r-patched-linux-x86_64, r-patched-solaris-x86, r-release-linux-x86_64, r-release-macos-arm64, r-release-macos-x86_64, r-release-windows-ix86+x86_64