CRAN Package Check Results for Package liver

Last updated on 2022-08-16 04:53:41 CEST.

Flavor Version Tinstall Tcheck Ttotal Status Flags
r-devel-linux-x86_64-debian-clang 1.13 3.21 51.05 54.26 OK
r-devel-linux-x86_64-debian-gcc 1.13 2.63 38.16 40.79 OK
r-devel-linux-x86_64-fedora-clang 1.13 75.01 NOTE
r-devel-linux-x86_64-fedora-gcc 1.13 74.23 NOTE
r-devel-windows-x86_64 1.13 13.00 84.00 97.00 OK
r-patched-linux-x86_64 1.13 2.71 47.68 50.39 OK
r-release-linux-x86_64 1.13 2.37 46.93 49.30 OK
r-release-macos-arm64 1.13 27.00 NOTE
r-release-macos-x86_64 1.13 38.00 NOTE
r-release-windows-x86_64 1.13 17.00 80.00 97.00 OK
r-oldrel-macos-arm64 1.13 30.00 NOTE
r-oldrel-macos-x86_64 1.13 36.00 NOTE
r-oldrel-windows-ix86+x86_64 1.13 8.00 73.00 81.00 OK

Check Details

Version: 1.13
Check: data for non-ASCII characters
Result: NOTE
     Note: found 266 marked UTF-8 strings
Flavors: r-devel-linux-x86_64-fedora-clang, r-devel-linux-x86_64-fedora-gcc, r-release-macos-arm64, r-release-macos-x86_64, r-oldrel-macos-arm64, r-oldrel-macos-x86_64