CRAN Package Check Results for Package lmeresampler

Last updated on 2021-09-23 02:49:10 CEST.

Flavor Version Tinstall Tcheck Ttotal Status Flags
r-devel-linux-x86_64-debian-clang 0.2.0 11.20 118.47 129.67 OK
r-devel-linux-x86_64-debian-gcc 0.2.0 9.70 88.80 98.50 OK
r-devel-linux-x86_64-fedora-clang 0.2.0 164.95 OK
r-devel-linux-x86_64-fedora-gcc 0.2.0 150.87 OK
r-devel-windows-x86_64 0.2.0 14.00 108.00 122.00 OK
r-devel-windows-x86_64-gcc10-UCRT 0.2.0 ERROR
r-patched-linux-x86_64 0.2.0 13.43 110.82 124.25 OK
r-patched-solaris-x86 0.2.0 214.70 OK
r-release-linux-x86_64 0.2.0 10.86 111.84 122.70 OK
r-release-macos-arm64 0.2.0 OK
r-release-macos-x86_64 0.2.0 OK
r-release-windows-ix86+x86_64 0.2.0 32.00 107.00 139.00 OK
r-oldrel-macos-x86_64 0.2.0 OK
r-oldrel-windows-ix86+x86_64 0.2.0 19.00 106.00 125.00 OK

Check Details

Version: 0.2.0
Check: PDF version of manual
Result: WARN
    LaTeX errors when creating PDF version.
    This typically indicates Rd problems.
Flavor: r-devel-windows-x86_64-gcc10-UCRT

Version: 0.2.0
Check: PDF version of manual without hyperrefs or index
Result: ERROR
    Re-running with no redirection of stdout/stderr.
Flavor: r-devel-windows-x86_64-gcc10-UCRT