CRAN Package Check Results for Package lmtest

Last updated on 2022-01-29 02:49:52 CET.

Flavor Version Tinstall Tcheck Ttotal Status Flags
r-devel-linux-x86_64-debian-clang 0.9-39 5.07 57.98 63.05 OK
r-devel-linux-x86_64-debian-gcc 0.9-39 4.37 44.97 49.34 OK
r-devel-linux-x86_64-fedora-clang 0.9-39 80.11 OK
r-devel-linux-x86_64-fedora-gcc 0.9-39 67.96 OK
r-devel-windows-x86_64-new-UL 0.9-39 48.00 107.00 155.00 OK
r-devel-windows-x86_64-new-TK 0.9-39 NOTE
r-patched-linux-x86_64 0.9-39 6.61 55.93 62.54 OK
r-release-linux-x86_64 0.9-39 5.07 55.33 60.40 OK
r-release-macos-arm64 0.9-39 OK
r-release-macos-x86_64 0.9-39 OK
r-release-windows-ix86+x86_64 0.9-39 13.00 93.00 106.00 OK
r-oldrel-macos-x86_64 0.9-39 OK
r-oldrel-windows-ix86+x86_64 0.9-39 12.00 92.00 104.00 OK

Check Details

Version: 0.9-39
Check: package dependencies
Result: NOTE
    Packages suggested but not available for checking: 'car', 'dynlm', 'AER'
Flavor: r-devel-windows-x86_64-new-TK

Version: 0.9-39
Check: Rd cross-references
Result: NOTE
    Package unavailable to check Rd xrefs: 'car'
Flavor: r-devel-windows-x86_64-new-TK