CRAN Package Check Results for Package lsdbc

Last updated on 2022-05-23 02:53:41 CEST.

Flavor Version Tinstall Tcheck Ttotal Status Flags
r-devel-linux-x86_64-debian-clang 0.1.0 2.14 30.46 32.60 NOTE
r-devel-linux-x86_64-debian-gcc 0.1.0 1.81 23.98 25.79 NOTE
r-devel-linux-x86_64-fedora-clang 0.1.0 40.03 NOTE
r-devel-linux-x86_64-fedora-gcc 0.1.0 29.17 NOTE
r-devel-windows-x86_64 0.1.0 10.00 46.00 56.00 NOTE
r-patched-linux-x86_64 0.1.0 1.73 30.05 31.78 NOTE
r-release-linux-x86_64 0.1.0 1.90 30.28 32.18 NOTE
r-release-macos-arm64 0.1.0 14.00 NOTE
r-release-macos-x86_64 0.1.0 19.00 NOTE
r-release-windows-x86_64 0.1.0 5.00 47.00 52.00 NOTE
r-oldrel-macos-arm64 0.1.0 15.00 NOTE
r-oldrel-macos-x86_64 0.1.0 27.00 NOTE
r-oldrel-windows-ix86+x86_64 0.1.0 5.00 28.00 33.00 NOTE

Check Details

Version: 0.1.0
Check: LazyData
Result: NOTE
     'LazyData' is specified without a 'data' directory
Flavors: r-devel-linux-x86_64-debian-clang, r-devel-linux-x86_64-debian-gcc, r-devel-linux-x86_64-fedora-clang, r-devel-linux-x86_64-fedora-gcc, r-devel-windows-x86_64, r-patched-linux-x86_64, r-release-linux-x86_64, r-release-macos-arm64, r-release-macos-x86_64, r-release-windows-x86_64, r-oldrel-macos-arm64, r-oldrel-macos-x86_64, r-oldrel-windows-ix86+x86_64