Last updated on 2023-06-09 02:52:18 CEST.
Flavor | Version | Tinstall | Tcheck | Ttotal | Status | Flags |
---|---|---|---|---|---|---|
r-devel-linux-x86_64-debian-clang | 1.0.2 | 317.79 | 98.80 | 416.59 | NOTE | |
r-devel-linux-x86_64-debian-gcc | 1.0.2 | 253.58 | 74.66 | 328.24 | NOTE | |
r-devel-linux-x86_64-fedora-clang | 1.0.2 | 653.63 | NOTE | |||
r-devel-linux-x86_64-fedora-gcc | 1.0.2 | 660.67 | NOTE | |||
r-devel-windows-x86_64 | 1.0.2 | 239.00 | 133.00 | 372.00 | NOTE | |
r-patched-linux-x86_64 | 1.0.2 | 256.27 | 93.61 | 349.88 | NOTE | |
r-release-linux-x86_64 | 1.0.2 | 214.11 | 91.84 | 305.95 | NOTE | |
r-release-macos-arm64 | 1.0.2 | 140.00 | NOTE | |||
r-release-macos-x86_64 | 1.0.2 | 246.00 | NOTE | |||
r-release-windows-x86_64 | 1.0.2 | 319.00 | 152.00 | 471.00 | NOTE | |
r-oldrel-macos-arm64 | 1.0.2 | 141.00 | NOTE | |||
r-oldrel-macos-x86_64 | 1.0.2 | 234.00 | NOTE | |||
r-oldrel-windows-x86_64 | 1.0.2 | 308.00 | 137.00 | 445.00 | OK |
Version: 1.0.2
Check: C++ specification
Result: NOTE
Specified C++11: please drop specification unless essential
Flavors: r-devel-linux-x86_64-debian-clang, r-devel-linux-x86_64-debian-gcc, r-devel-linux-x86_64-fedora-clang, r-devel-linux-x86_64-fedora-gcc, r-devel-windows-x86_64, r-patched-linux-x86_64, r-release-linux-x86_64, r-release-macos-arm64, r-release-macos-x86_64, r-release-windows-x86_64
Version: 1.0.2
Check: installed package size
Result: NOTE
installed size is 10.9Mb
sub-directories of 1Mb or more:
libs 9.9Mb
Flavors: r-release-macos-arm64, r-release-macos-x86_64, r-oldrel-macos-arm64, r-oldrel-macos-x86_64
Version: 1.0.2
Check: package dependencies
Result: NOTE
Packages suggested but not available for checking: 'ggraph', 'Rmpfr'
Flavor: r-release-macos-x86_64