CRAN Package Check Results for Package mapStats

Last updated on 2022-01-16 02:49:33 CET.

Flavor Version Tinstall Tcheck Ttotal Status Flags
r-devel-linux-x86_64-debian-clang 2.4 12.38 127.12 139.50 NOTE
r-devel-linux-x86_64-debian-gcc 2.4 10.39 97.96 108.35 NOTE
r-devel-linux-x86_64-fedora-clang 2.4 171.85 NOTE
r-devel-linux-x86_64-fedora-gcc 2.4 154.31 NOTE
r-devel-windows-x86_64-new-UL 2.4 32.00 177.00 209.00 NOTE
r-devel-windows-x86_64-new-TK 2.4 NOTE
r-patched-linux-x86_64 2.4 14.09 120.35 134.44 NOTE
r-release-linux-x86_64 2.4 9.90 120.41 130.31 NOTE
r-release-macos-arm64 2.4 NOTE
r-release-macos-x86_64 2.4 NOTE
r-release-windows-ix86+x86_64 2.4 42.00 187.00 229.00 NOTE
r-oldrel-macos-x86_64 2.4 NOTE
r-oldrel-windows-ix86+x86_64 2.4 42.00 194.00 236.00 NOTE

Check Details

Version: 2.4
Check: R code for possible problems
Result: NOTE
    calcStats: no visible global function definition for 'as.formula'
    calcStats: no visible global function definition for 'na.omit'
    Undefined global functions or variables:
     as.formula na.omit
    Consider adding
     importFrom("stats", "as.formula", "na.omit")
    to your NAMESPACE file.
Flavors: r-devel-linux-x86_64-debian-clang, r-devel-linux-x86_64-debian-gcc, r-devel-linux-x86_64-fedora-clang, r-devel-linux-x86_64-fedora-gcc, r-devel-windows-x86_64-new-UL, r-devel-windows-x86_64-new-TK, r-patched-linux-x86_64, r-release-linux-x86_64, r-release-macos-arm64, r-release-macos-x86_64, r-release-windows-ix86+x86_64, r-oldrel-macos-x86_64, r-oldrel-windows-ix86+x86_64