CRAN Package Check Results for Package markerpen

Last updated on 2022-10-04 02:54:44 CEST.

Flavor Version Tinstall Tcheck Ttotal Status Flags
r-devel-linux-x86_64-debian-clang 0.1.1 67.79 108.52 176.31 OK
r-devel-linux-x86_64-debian-gcc 0.1.1 50.05 76.09 126.14 OK
r-devel-linux-x86_64-fedora-clang 0.1.1 225.72 OK
r-devel-linux-x86_64-fedora-gcc 0.1.1 206.45 OK
r-devel-windows-x86_64 0.1.1 57.00 151.00 208.00 NOTE
r-patched-linux-x86_64 0.1.1 50.72 93.00 143.72 OK
r-release-linux-x86_64 0.1.1 57.05 94.44 151.49 OK
r-release-macos-arm64 0.1.1 64.00 NOTE
r-release-macos-x86_64 0.1.1 87.00 NOTE
r-release-windows-x86_64 0.1.1 60.00 145.00 205.00 NOTE
r-oldrel-macos-arm64 0.1.1 77.00 NOTE
r-oldrel-macos-x86_64 0.1.1 98.00 NOTE
r-oldrel-windows-ix86+x86_64 0.1.1 144.00 171.00 315.00 NOTE

Check Details

Version: 0.1.1
Check: installed package size
Result: NOTE
     installed size is 5.2Mb
     sub-directories of 1Mb or more:
     examples 2.7Mb
     libs 1.3Mb
Flavors: r-devel-windows-x86_64, r-release-macos-arm64, r-release-macos-x86_64, r-release-windows-x86_64, r-oldrel-macos-arm64, r-oldrel-macos-x86_64, r-oldrel-windows-ix86+x86_64