CRAN Package Check Results for Package markmyassignment

Last updated on 2021-07-24 02:48:37 CEST.

Flavor Version Tinstall Tcheck Ttotal Status Flags
r-devel-linux-x86_64-debian-clang 0.8.3 2.54 47.54 50.08 OK
r-devel-linux-x86_64-debian-gcc 0.8.3 2.60 36.85 39.45 OK
r-devel-linux-x86_64-fedora-clang 0.8.3 71.15 NOTE
r-devel-linux-x86_64-fedora-gcc 0.8.3 79.85 NOTE
r-devel-windows-x86_64 0.8.3 4.00 93.00 97.00 OK
r-devel-windows-x86_64-gcc10-UCRT 0.8.3 NOTE
r-patched-linux-x86_64 0.8.3 3.51 45.33 48.84 OK
r-patched-solaris-x86 0.8.3 86.40 NOTE
r-release-linux-x86_64 0.8.3 3.44 45.12 48.56 OK
r-release-macos-arm64 0.8.3 NOTE
r-release-macos-x86_64 0.8.3 NOTE
r-release-windows-ix86+x86_64 0.8.3 7.00 88.00 95.00 OK
r-oldrel-macos-x86_64 0.8.3 NOTE
r-oldrel-windows-ix86+x86_64 0.8.3 9.00 98.00 107.00 OK

Check Details

Version: 0.8.3
Check: dependencies in R code
Result: NOTE
    Namespace in Imports field not imported from: ‘lazyeval’
     All declared Imports should be used.
Flavors: r-devel-linux-x86_64-fedora-clang, r-devel-linux-x86_64-fedora-gcc, r-devel-windows-x86_64-gcc10-UCRT, r-patched-solaris-x86, r-release-macos-arm64, r-release-macos-x86_64, r-oldrel-macos-x86_64