CRAN Package Check Results for Package mason

Last updated on 2021-08-04 02:50:04 CEST.

Flavor Version Tinstall Tcheck Ttotal Status Flags
r-devel-linux-x86_64-debian-clang 0.3.0 3.73 49.40 53.13 NOTE
r-devel-linux-x86_64-debian-gcc 0.3.0 2.62 37.27 39.89 NOTE
r-devel-linux-x86_64-fedora-clang 0.3.0 70.48 NOTE
r-devel-linux-x86_64-fedora-gcc 0.3.0 60.88 NOTE
r-devel-windows-x86_64 0.3.0 17.00 68.00 85.00 NOTE
r-devel-windows-x86_64-gcc10-UCRT 0.3.0 NOTE
r-patched-linux-x86_64 0.3.0 3.39 46.60 49.99 NOTE
r-patched-solaris-x86 0.3.0 87.90 NOTE
r-release-linux-x86_64 0.3.0 3.53 46.34 49.87 NOTE
r-release-macos-arm64 0.3.0 NOTE
r-release-macos-x86_64 0.3.0 NOTE
r-release-windows-ix86+x86_64 0.3.0 8.00 65.00 73.00 NOTE
r-oldrel-macos-x86_64 0.3.0 OK
r-oldrel-windows-ix86+x86_64 0.3.0 16.00 73.00 89.00 OK

Check Details

Version: 0.3.0
Check: LazyData
Result: NOTE
     'LazyData' is specified without a 'data' directory
Flavors: r-devel-linux-x86_64-debian-clang, r-devel-linux-x86_64-debian-gcc, r-devel-linux-x86_64-fedora-clang, r-devel-linux-x86_64-fedora-gcc, r-devel-windows-x86_64, r-devel-windows-x86_64-gcc10-UCRT, r-patched-linux-x86_64, r-patched-solaris-x86, r-release-linux-x86_64, r-release-macos-arm64, r-release-macos-x86_64, r-release-windows-ix86+x86_64