CRAN Package Check Results for Package mbest

Last updated on 2021-12-03 02:49:00 CET.

Flavor Version Tinstall Tcheck Ttotal Status Flags
r-devel-linux-x86_64-debian-clang 0.6 14.36 202.91 217.27 NOTE
r-devel-linux-x86_64-debian-gcc 0.6 9.89 152.71 162.60 NOTE
r-devel-linux-x86_64-fedora-clang 0.6 258.76 NOTE
r-devel-linux-x86_64-fedora-gcc 0.6 247.22 NOTE
r-devel-windows-x86_64-new-UL 0.6 24.00 253.00 277.00 NOTE
r-devel-windows-x86_64-new-TK 0.6 NOTE
r-devel-windows-x86_64-old 0.6 21.00 186.00 207.00 NOTE
r-patched-linux-x86_64 0.6 15.29 190.68 205.97 NOTE
r-patched-solaris-x86 0.6 320.50 NOTE
r-release-linux-x86_64 0.6 12.48 189.21 201.69 NOTE
r-release-macos-arm64 0.6 NOTE
r-release-macos-x86_64 0.6 NOTE
r-release-windows-ix86+x86_64 0.6 30.00 403.00 433.00 NOTE
r-oldrel-macos-x86_64 0.6 OK
r-oldrel-windows-ix86+x86_64 0.6 30.00 401.00 431.00 OK

Check Details

Version: 0.6
Check: LazyData
Result: NOTE
     'LazyData' is specified without a 'data' directory
Flavors: r-devel-linux-x86_64-debian-clang, r-devel-linux-x86_64-debian-gcc, r-devel-linux-x86_64-fedora-clang, r-devel-linux-x86_64-fedora-gcc, r-devel-windows-x86_64-new-UL, r-devel-windows-x86_64-new-TK, r-devel-windows-x86_64-old, r-patched-linux-x86_64, r-patched-solaris-x86, r-release-linux-x86_64, r-release-macos-arm64, r-release-macos-x86_64, r-release-windows-ix86+x86_64

Version: 0.6
Check: Rd cross-references
Result: NOTE
    Undeclared packages ‘logistf’, ‘brglm’ in Rd xrefs
Flavor: r-devel-linux-x86_64-fedora-clang