Last updated on 2023-06-05 02:58:24 CEST.
Flavor | Version | Tinstall | Tcheck | Ttotal | Status | Flags |
---|---|---|---|---|---|---|
r-devel-linux-x86_64-debian-clang | 0.5-3 | 9.80 | 40.15 | 49.95 | NOTE | |
r-devel-linux-x86_64-debian-gcc | 0.5-3 | 7.66 | 30.91 | 38.57 | NOTE | |
r-devel-linux-x86_64-fedora-clang | 0.5-3 | 62.20 | NOTE | |||
r-devel-linux-x86_64-fedora-gcc | 0.5-3 | 59.27 | NOTE | |||
r-devel-windows-x86_64 | 0.5-3 | 14.00 | 56.00 | 70.00 | NOTE | |
r-patched-linux-x86_64 | 0.5-3 | 10.46 | 38.26 | 48.72 | NOTE | |
r-release-linux-x86_64 | 0.5-3 | 8.33 | 38.53 | 46.86 | NOTE | |
r-release-macos-arm64 | 0.5-3 | 24.00 | NOTE | |||
r-release-macos-x86_64 | 0.5-3 | 36.00 | NOTE | |||
r-release-windows-x86_64 | 0.5-3 | 17.00 | 59.00 | 76.00 | NOTE | |
r-oldrel-macos-arm64 | 0.5-3 | 27.00 | OK | |||
r-oldrel-macos-x86_64 | 0.5-3 | 34.00 | OK | |||
r-oldrel-windows-x86_64 | 0.5-3 | 15.00 | 67.00 | 82.00 | OK |
Version: 0.5-3
Check: Rd files
Result: NOTE
checkRd: (-1) glass.Rd:23: Escaped LaTeX specials: \_ \_ \_
checkRd: (-1) glass.Rd:24: Escaped LaTeX specials: \_ \_ \_ \_
checkRd: (-1) glass.Rd:25: Escaped LaTeX specials: \_ \_ \_
checkRd: (-1) glass.Rd:26: Escaped LaTeX specials: \_ \_ \_ \_
Flavors: r-devel-linux-x86_64-debian-clang, r-devel-linux-x86_64-debian-gcc, r-devel-linux-x86_64-fedora-clang, r-devel-linux-x86_64-fedora-gcc, r-devel-windows-x86_64, r-patched-linux-x86_64, r-release-linux-x86_64, r-release-macos-arm64, r-release-macos-x86_64, r-release-windows-x86_64
Version: 0.5-3
Check: package dependencies
Result: NOTE
Package suggested but not available for checking: ‘earth’
Flavor: r-release-macos-x86_64