CRAN Package Check Results for Package mdsOpt

Last updated on 2021-05-14 02:49:19 CEST.

Flavor Version Tinstall Tcheck Ttotal Status Flags
r-devel-linux-x86_64-debian-clang 0.5-1 22.80 253.30 276.10 OK
r-devel-linux-x86_64-debian-gcc 0.5-1 22.64 190.06 212.70 OK
r-devel-linux-x86_64-fedora-clang 0.5-1 345.35 OK
r-devel-linux-x86_64-fedora-gcc 0.5-1 327.99 OK
r-devel-windows-ix86+x86_64 0.5-1 66.00 210.00 276.00 OK
r-devel-windows-x86_64-gcc10-UCRT 0.5-1 OK
r-patched-linux-x86_64 0.5-1 34.75 238.96 273.71 OK
r-patched-solaris-x86 0.5-1 545.80 OK
r-release-linux-x86_64 0.5-1 21.63 233.96 255.59 OK
r-release-macos-x86_64 0.5-1 OK
r-release-windows-ix86+x86_64 0.5-1 53.00 318.00 371.00 OK
r-oldrel-macos-x86_64 0.5-1 WARN
r-oldrel-windows-ix86+x86_64 0.5-1 59.00 283.00 342.00 OK

Check Details

Version: 0.5-1
Check: whether package can be installed
Result: WARN
    Found the following significant warnings:
     Warning: 'rgl.init' failed, running with 'rgl.useNULL = TRUE'.
Flavor: r-oldrel-macos-x86_64