CRAN Package Check Results for Package memapp

Last updated on 2023-06-05 02:58:24 CEST.

Flavor Version Tinstall Tcheck Ttotal Status Flags
r-devel-linux-x86_64-debian-clang 2.15 7.59 70.95 78.54 OK
r-devel-linux-x86_64-debian-gcc 2.15 7.21 53.05 60.26 OK
r-devel-linux-x86_64-fedora-clang 2.15 95.90 OK
r-devel-linux-x86_64-fedora-gcc 2.15 90.57 OK
r-devel-windows-x86_64 2.15 9.00 70.00 79.00 OK
r-patched-linux-x86_64 2.15 7.29 65.09 72.38 OK
r-release-linux-x86_64 2.15 5.48 64.81 70.29 OK
r-release-macos-arm64 2.15 31.00 OK
r-release-macos-x86_64 2.15 48.00 NOTE
r-release-windows-x86_64 2.15 12.00 81.00 93.00 OK
r-oldrel-macos-arm64 2.15 36.00 OK
r-oldrel-macos-x86_64 2.15 48.00 OK
r-oldrel-windows-x86_64 2.15 12.00 89.00 101.00 OK

Check Details

Version: 2.15
Check: package dependencies
Result: NOTE
    Package suggested but not available for checking: ‘RODBC’
Flavor: r-release-macos-x86_64