CRAN Package Check Results for Package memgene

Last updated on 2021-10-19 02:48:42 CEST.

Flavor Version Tinstall Tcheck Ttotal Status Flags
r-devel-linux-x86_64-debian-clang 1.0.1 27.14 287.44 314.58 NOTE
r-devel-linux-x86_64-debian-gcc 1.0.1 24.98 213.40 238.38 NOTE
r-devel-linux-x86_64-fedora-clang 1.0.1 384.42 NOTE
r-devel-linux-x86_64-fedora-gcc 1.0.1 374.18 NOTE
r-devel-windows-x86_64 1.0.1 43.00 312.00 355.00 NOTE
r-devel-windows-x86_64-gcc10-UCRT 1.0.1 NOTE
r-patched-linux-x86_64 1.0.1 32.98 273.46 306.44 NOTE
r-patched-solaris-x86 1.0.1 464.70 NOTE
r-release-linux-x86_64 1.0.1 25.02 272.28 297.30 NOTE
r-release-macos-arm64 1.0.1 NOTE
r-release-macos-x86_64 1.0.1 NOTE
r-release-windows-ix86+x86_64 1.0.1 44.00 313.00 357.00 NOTE
r-oldrel-macos-x86_64 1.0.1 NOTE
r-oldrel-windows-ix86+x86_64 1.0.1 35.00 174.00 209.00 NOTE

Check Details

Version: 1.0.1
Check: dependencies in R code
Result: NOTE
    'library' or 'require' calls in package code:
     'adegenet' 'geosphere'
     Please use :: or requireNamespace() instead.
     See section 'Suggested packages' in the 'Writing R Extensions' manual.
Flavors: r-devel-linux-x86_64-debian-clang, r-devel-linux-x86_64-debian-gcc, r-devel-linux-x86_64-fedora-clang, r-devel-linux-x86_64-fedora-gcc, r-devel-windows-x86_64, r-devel-windows-x86_64-gcc10-UCRT, r-patched-linux-x86_64, r-patched-solaris-x86, r-release-linux-x86_64, r-release-macos-arm64, r-release-macos-x86_64, r-release-windows-ix86+x86_64, r-oldrel-macos-x86_64, r-oldrel-windows-ix86+x86_64

Version: 1.0.1
Check: R code for possible problems
Result: NOTE
    codomToPropShared: no visible global function definition for
     'df2genind'
    codomToPropShared: no visible global function definition for
     'propShared'
    mgLandscape: no visible global function definition for 'SpatialPoints'
    mgQuick: no visible global function definition for 'distm'
    mgQuick: no visible binding for global variable 'distMeeus'
    Undefined global functions or variables:
     SpatialPoints df2genind distMeeus distm propShared
Flavors: r-devel-linux-x86_64-debian-clang, r-devel-linux-x86_64-debian-gcc, r-devel-linux-x86_64-fedora-clang, r-devel-linux-x86_64-fedora-gcc, r-devel-windows-x86_64, r-devel-windows-x86_64-gcc10-UCRT, r-patched-linux-x86_64, r-patched-solaris-x86, r-release-linux-x86_64, r-release-macos-arm64, r-release-macos-x86_64, r-release-windows-ix86+x86_64, r-oldrel-macos-x86_64, r-oldrel-windows-ix86+x86_64