CRAN Package Check Results for Package memisc

Last updated on 2022-11-29 01:52:12 CET.

Flavor Version Tinstall Tcheck Ttotal Status Flags
r-devel-linux-x86_64-debian-clang 0.99.31.3 37.60 187.25 224.85 WARN
r-devel-linux-x86_64-debian-gcc 0.99.31.3 31.06 134.59 165.65 WARN
r-devel-linux-x86_64-fedora-clang 0.99.31.3 285.51 WARN
r-devel-linux-x86_64-fedora-gcc 0.99.31.3 280.99 WARN
r-devel-windows-x86_64 0.99.31.3 184.00 229.00 413.00 NOTE
r-patched-linux-x86_64 0.99.31.3 38.27 168.23 206.50 OK
r-release-linux-x86_64 0.99.31.3 32.87 165.44 198.31 OK
r-release-macos-arm64 0.99.31.3 71.00 NOTE
r-release-macos-x86_64 0.99.31.3 88.00 NOTE
r-release-windows-x86_64 0.99.31.3 271.00 243.00 514.00 NOTE
r-oldrel-macos-arm64 0.99.31.3 64.00 NOTE
r-oldrel-macos-x86_64 0.99.31.3 92.00 NOTE
r-oldrel-windows-ix86+x86_64 0.99.31.3 71.00 236.00 307.00 NOTE

Check Details

Version: 0.99.31.3
Check: whether package can be installed
Result: WARN
    Found the following significant warnings:
     pspp-system-for-R.c:34:39: warning: a function declaration without a prototype is deprecated in all versions of C [-Wstrict-prototypes]
     pspp-system-for-R.c:1291:25: warning: a function declaration without a prototype is deprecated in all versions of C [-Wstrict-prototypes]
Flavors: r-devel-linux-x86_64-debian-clang, r-devel-linux-x86_64-fedora-clang

Version: 0.99.31.3
Check: whether package can be installed
Result: WARN
    Found the following significant warnings:
     pspp-system-for-R.c:34:1: warning: function declaration isn’t a prototype [-Wstrict-prototypes]
     pspp-system-for-R.c:1291:1: warning: function declaration isn’t a prototype [-Wstrict-prototypes]
Flavors: r-devel-linux-x86_64-debian-gcc, r-devel-linux-x86_64-fedora-gcc

Version: 0.99.31.3
Check: installed package size
Result: NOTE
     installed size is 5.3Mb
     sub-directories of 1Mb or more:
     R 1.4Mb
     doc 3.1Mb
Flavors: r-devel-linux-x86_64-fedora-clang, r-devel-windows-x86_64, r-release-macos-arm64, r-release-macos-x86_64, r-release-windows-x86_64, r-oldrel-macos-arm64, r-oldrel-macos-x86_64, r-oldrel-windows-ix86+x86_64