CRAN Package Check Results for Package memofunc

Last updated on 2022-06-27 02:54:31 CEST.

Flavor Version Tinstall Tcheck Ttotal Status Flags
r-devel-linux-x86_64-debian-clang 1.0.2 2.29 28.67 30.96 NOTE
r-devel-linux-x86_64-debian-gcc 1.0.2 1.85 22.29 24.14 NOTE
r-devel-linux-x86_64-fedora-clang 1.0.2 48.24 NOTE
r-devel-linux-x86_64-fedora-gcc 1.0.2 46.58 NOTE
r-devel-windows-x86_64 1.0.2 35.00 64.00 99.00 NOTE
r-patched-linux-x86_64 1.0.2 2.47 27.19 29.66 NOTE
r-release-linux-x86_64 1.0.2 2.07 27.57 29.64 NOTE
r-release-macos-arm64 1.0.2 19.00 NOTE
r-release-macos-x86_64 1.0.2 26.00 NOTE
r-release-windows-x86_64 1.0.2 27.00 63.00 90.00 NOTE
r-oldrel-macos-arm64 1.0.2 22.00 NOTE
r-oldrel-macos-x86_64 1.0.2 33.00 NOTE
r-oldrel-windows-ix86+x86_64 1.0.2 6.00 50.00 56.00 NOTE

Check Details

Version: 1.0.2
Check: LazyData
Result: NOTE
     'LazyData' is specified without a 'data' directory
Flavors: r-devel-linux-x86_64-debian-clang, r-devel-linux-x86_64-debian-gcc, r-devel-linux-x86_64-fedora-clang, r-devel-linux-x86_64-fedora-gcc, r-devel-windows-x86_64, r-patched-linux-x86_64, r-release-linux-x86_64, r-release-macos-arm64, r-release-macos-x86_64, r-release-windows-x86_64, r-oldrel-macos-arm64, r-oldrel-macos-x86_64, r-oldrel-windows-ix86+x86_64