CRAN Package Check Results for Package metaSDTreg

Last updated on 2021-09-22 02:49:29 CEST.

Flavor Version Tinstall Tcheck Ttotal Status Flags
r-devel-linux-x86_64-debian-clang 0.2.1 8.06 103.24 111.30 OK
r-devel-linux-x86_64-debian-gcc 0.2.1 7.00 77.67 84.67 OK
r-devel-linux-x86_64-fedora-clang 0.2.1 137.75 OK
r-devel-linux-x86_64-fedora-gcc 0.2.1 131.61 OK
r-devel-windows-x86_64 0.2.1 9.00 99.00 108.00 OK
r-devel-windows-x86_64-gcc10-UCRT 0.2.1 ERROR
r-patched-linux-x86_64 0.2.1 8.07 99.14 107.21 OK
r-patched-solaris-x86 0.2.1 184.10 OK
r-release-linux-x86_64 0.2.1 8.48 98.21 106.69 OK
r-release-macos-arm64 0.2.1 OK
r-release-macos-x86_64 0.2.1 OK
r-release-windows-ix86+x86_64 0.2.1 18.00 102.00 120.00 OK
r-oldrel-macos-x86_64 0.2.1 OK
r-oldrel-windows-ix86+x86_64 0.2.1 18.00 97.00 115.00 OK

Check Details

Version: 0.2.1
Check: whether package can be installed
Result: WARN
    Found the following significant warnings:
     WARNING: installation-time patches will not be applied, could not get the patches index
Flavor: r-devel-windows-x86_64-gcc10-UCRT

Version: 0.2.1
Check: PDF version of manual
Result: WARN
    LaTeX errors when creating PDF version.
    This typically indicates Rd problems.
Flavor: r-devel-windows-x86_64-gcc10-UCRT

Version: 0.2.1
Check: PDF version of manual without hyperrefs or index
Result: ERROR
    Re-running with no redirection of stdout/stderr.
Flavor: r-devel-windows-x86_64-gcc10-UCRT