CRAN Package Check Results for Package metaprotr

Last updated on 2022-01-29 02:49:53 CET.

Flavor Version Tinstall Tcheck Ttotal Status Flags
r-devel-linux-x86_64-debian-clang 1.2.2 10.94 91.01 101.95 OK
r-devel-linux-x86_64-debian-gcc 1.2.2 9.32 66.90 76.22 OK
r-devel-linux-x86_64-fedora-clang 1.2.2 115.73 NOTE
r-devel-linux-x86_64-fedora-gcc 1.2.2 102.48 NOTE
r-devel-windows-x86_64-new-UL 1.2.2 64.00 102.00 166.00 OK
r-devel-windows-x86_64-new-TK 1.2.2 NOTE
r-patched-linux-x86_64 1.2.2 7.06 81.09 88.15 OK
r-release-linux-x86_64 1.2.2 6.35 79.85 86.20 OK
r-release-macos-arm64 1.2.2 NOTE
r-release-macos-x86_64 1.2.2 NOTE
r-release-windows-ix86+x86_64 1.2.2 22.00 95.00 117.00 OK
r-oldrel-macos-x86_64 1.2.2 NOTE
r-oldrel-windows-ix86+x86_64 1.2.2 22.00 94.00 116.00 OK

Check Details

Version: 1.2.2
Check: dependencies in R code
Result: NOTE
    Namespaces in Imports field not imported from:
     ‘ade4’ ‘dendextend’ ‘ggforce’ ‘ggrepel’ ‘stringr’ ‘tidyverse’
     All declared Imports should be used.
Flavors: r-devel-linux-x86_64-fedora-clang, r-devel-linux-x86_64-fedora-gcc, r-devel-windows-x86_64-new-TK, r-release-macos-arm64, r-release-macos-x86_64, r-oldrel-macos-x86_64