CRAN Package Check Results for Package metaprotr

Last updated on 2022-08-16 04:53:42 CEST.

Flavor Version Tinstall Tcheck Ttotal Status Flags
r-devel-linux-x86_64-debian-clang 1.2.2 12.54 86.57 99.11 OK
r-devel-linux-x86_64-debian-gcc 1.2.2 9.77 63.07 72.84 OK
r-devel-linux-x86_64-fedora-clang 1.2.2 125.09 NOTE
r-devel-linux-x86_64-fedora-gcc 1.2.2 127.33 NOTE
r-devel-windows-x86_64 1.2.2 45.00 104.00 149.00 OK
r-patched-linux-x86_64 1.2.2 10.08 80.31 90.39 OK
r-release-linux-x86_64 1.2.2 7.56 79.88 87.44 OK
r-release-macos-arm64 1.2.2 32.00 NOTE
r-release-macos-x86_64 1.2.2 51.00 NOTE
r-release-windows-x86_64 1.2.2 40.00 102.00 142.00 OK
r-oldrel-macos-arm64 1.2.2 39.00 NOTE
r-oldrel-macos-x86_64 1.2.2 61.00 NOTE
r-oldrel-windows-ix86+x86_64 1.2.2 25.00 107.00 132.00 OK

Check Details

Version: 1.2.2
Check: dependencies in R code
Result: NOTE
    Namespaces in Imports field not imported from:
     ‘ade4’ ‘dendextend’ ‘ggforce’ ‘ggrepel’ ‘stringr’ ‘tidyverse’
     All declared Imports should be used.
Flavors: r-devel-linux-x86_64-fedora-clang, r-devel-linux-x86_64-fedora-gcc, r-release-macos-arm64, r-release-macos-x86_64, r-oldrel-macos-arm64, r-oldrel-macos-x86_64