CRAN Package Check Results for Package mfbvar

Last updated on 2021-09-21 02:49:07 CEST.

Flavor Version Tinstall Tcheck Ttotal Status Flags
r-devel-linux-x86_64-debian-clang 0.5.6 571.72 132.15 703.87 NOTE
r-devel-linux-x86_64-debian-gcc 0.5.6 372.78 101.55 474.33 NOTE
r-devel-linux-x86_64-fedora-clang 0.5.6 986.34 NOTE
r-devel-linux-x86_64-fedora-gcc 0.5.6 864.24 NOTE
r-devel-windows-x86_64 0.5.6 474.00 125.00 599.00 NOTE
r-devel-windows-x86_64-gcc10-UCRT 0.5.6 ERROR
r-patched-linux-x86_64 0.5.6 443.67 126.00 569.67 NOTE
r-patched-solaris-x86 0.5.6 772.20 NOTE
r-release-linux-x86_64 0.5.6 448.63 124.59 573.22 NOTE
r-release-macos-arm64 0.5.6 NOTE
r-release-macos-x86_64 0.5.6 NOTE
r-release-windows-ix86+x86_64 0.5.6 1210.00 141.00 1351.00 NOTE
r-oldrel-macos-x86_64 0.5.6 NOTE
r-oldrel-windows-ix86+x86_64 0.5.6 1194.00 140.00 1334.00 NOTE

Check Details

Version: 0.5.6
Check: for GNU extensions in Makefiles
Result: NOTE
    GNU make is a SystemRequirements.
Flavors: r-devel-linux-x86_64-debian-clang, r-devel-linux-x86_64-debian-gcc, r-devel-linux-x86_64-fedora-clang, r-devel-linux-x86_64-fedora-gcc, r-devel-windows-x86_64, r-patched-linux-x86_64, r-patched-solaris-x86, r-release-linux-x86_64, r-release-macos-arm64, r-release-macos-x86_64, r-release-windows-ix86+x86_64, r-oldrel-macos-x86_64, r-oldrel-windows-ix86+x86_64

Version: 0.5.6
Check: installed package size
Result: NOTE
     installed size is 23.0Mb
     sub-directories of 1Mb or more:
     libs 22.0Mb
Flavors: r-devel-linux-x86_64-fedora-clang, r-release-macos-arm64, r-release-macos-x86_64, r-release-windows-ix86+x86_64, r-oldrel-macos-x86_64, r-oldrel-windows-ix86+x86_64

Version: 0.5.6
Check: whether package can be installed
Result: ERROR
    Installation failed.
Flavor: r-devel-windows-x86_64-gcc10-UCRT