CRAN Package Check Results for Package mgcViz

Last updated on 2023-03-31 03:52:34 CEST.

Flavor Version Tinstall Tcheck Ttotal Status Flags
r-devel-linux-x86_64-debian-clang 0.1.9 22.28 322.44 344.72 OK
r-devel-linux-x86_64-debian-gcc 0.1.9 17.55 237.55 255.10 OK
r-devel-linux-x86_64-fedora-clang 0.1.9 424.13 NOTE
r-devel-linux-x86_64-fedora-gcc 0.1.9 417.34 OK
r-devel-windows-x86_64 0.1.9 86.00 0.00 86.00 NOTE
r-patched-linux-x86_64 0.1.9 25.68 305.14 330.82 OK
r-release-linux-x86_64 0.1.9 18.83 295.56 314.39 OK
r-release-macos-arm64 0.1.9 121.00 NOTE
r-release-macos-x86_64 0.1.9 192.00 NOTE
r-release-windows-x86_64 0.1.9 81.00 487.00 568.00 NOTE
r-oldrel-macos-arm64 0.1.9 114.00 NOTE
r-oldrel-macos-x86_64 0.1.9 133.00 NOTE
r-oldrel-windows-ix86+x86_64 0.1.9 45.00 476.00 521.00 NOTE

Check Details

Version: 0.1.9
Check: installed package size
Result: NOTE
     installed size is 5.3Mb
     sub-directories of 1Mb or more:
     doc 4.6Mb
Flavors: r-devel-linux-x86_64-fedora-clang, r-devel-windows-x86_64, r-release-macos-arm64, r-release-macos-x86_64, r-release-windows-x86_64, r-oldrel-macos-arm64, r-oldrel-macos-x86_64, r-oldrel-windows-ix86+x86_64

Version: 0.1.9
Check: package dependencies
Result: NOTE
    Package suggested but not available for checking: ‘webshot2’
Flavors: r-release-macos-arm64, r-release-macos-x86_64, r-oldrel-macos-arm64, r-oldrel-macos-x86_64