Last updated on 2022-07-03 02:51:07 CEST.
Flavor | Version | Tinstall | Tcheck | Ttotal | Status | Flags |
---|---|---|---|---|---|---|
r-devel-linux-x86_64-debian-clang | 1.0 | 88.87 | 503.49 | 592.36 | OK | |
r-devel-linux-x86_64-debian-gcc | 1.0 | 73.21 | 362.89 | 436.10 | OK | |
r-devel-linux-x86_64-fedora-clang | 1.0 | 703.18 | NOTE | |||
r-devel-linux-x86_64-fedora-gcc | 1.0 | 696.21 | NOTE | |||
r-devel-windows-x86_64 | 1.0 | 79.00 | 506.00 | 585.00 | OK | |
r-patched-linux-x86_64 | 1.0 | 82.88 | 469.24 | 552.12 | OK | |
r-release-linux-x86_64 | 1.0 | 60.71 | 468.91 | 529.62 | OK | |
r-release-macos-arm64 | 1.0 | 162.00 | NOTE | |||
r-release-macos-x86_64 | 1.0 | 242.00 | NOTE | |||
r-release-windows-x86_64 | 1.0 | 83.00 | 506.00 | 589.00 | OK | |
r-oldrel-macos-arm64 | 1.0 | 167.00 | NOTE | |||
r-oldrel-macos-x86_64 | 1.0 | 219.00 | NOTE | |||
r-oldrel-windows-ix86+x86_64 | 1.0 | 181.00 | 491.00 | 672.00 | OK |
Version: 1.0
Check: installed package size
Result: NOTE
installed size is 18.6Mb
sub-directories of 1Mb or more:
doc 1.7Mb
libs 15.9Mb
Flavors: r-devel-linux-x86_64-fedora-clang, r-release-macos-arm64, r-release-macos-x86_64, r-oldrel-macos-arm64, r-oldrel-macos-x86_64
Version: 1.0
Check: dependencies in R code
Result: NOTE
Namespaces in Imports field not imported from:
‘knitr’ ‘qlcMatrix’
All declared Imports should be used.
Flavors: r-devel-linux-x86_64-fedora-clang, r-devel-linux-x86_64-fedora-gcc, r-release-macos-arm64, r-release-macos-x86_64, r-oldrel-macos-arm64, r-oldrel-macos-x86_64