Last updated on 2023-02-05 02:50:41 CET.
Flavor | Version | Tinstall | Tcheck | Ttotal | Status | Flags |
---|---|---|---|---|---|---|
r-devel-linux-x86_64-debian-clang | 0.0.20 | 50.75 | 524.72 | 575.47 | OK | |
r-devel-linux-x86_64-debian-gcc | 0.0.20 | 38.95 | 390.49 | 429.44 | OK | |
r-devel-linux-x86_64-fedora-clang | 0.0.20 | 654.73 | NOTE | |||
r-devel-linux-x86_64-fedora-gcc | 0.0.20 | 644.38 | NOTE | |||
r-devel-windows-x86_64 | 0.0.20 | 80.00 | 541.00 | 621.00 | OK | |
r-patched-linux-x86_64 | 0.0.20 | 49.06 | 509.44 | 558.50 | OK | |
r-release-linux-x86_64 | 0.0.20 | 41.91 | 496.80 | 538.71 | OK | |
r-release-macos-arm64 | 0.0.20 | 158.00 | NOTE | |||
r-release-macos-x86_64 | 0.0.20 | 298.00 | NOTE | |||
r-release-windows-x86_64 | 0.0.20 | 65.00 | 563.00 | 628.00 | OK | |
r-oldrel-macos-arm64 | 0.0.20 | 107.00 | NOTE | |||
r-oldrel-macos-x86_64 | 0.0.20 | 232.00 | NOTE | |||
r-oldrel-windows-ix86+x86_64 | 0.0.20 | 106.00 | 544.00 | 650.00 | OK |
Version: 0.0.20
Check: dependencies in R code
Result: NOTE
Namespace in Imports field not imported from: ‘testthat’
All declared Imports should be used.
Flavors: r-devel-linux-x86_64-fedora-clang, r-devel-linux-x86_64-fedora-gcc, r-release-macos-arm64, r-release-macos-x86_64, r-oldrel-macos-arm64, r-oldrel-macos-x86_64
Version: 0.0.20
Check: package dependencies
Result: NOTE
Package suggested but not available for checking: ‘dada2’
Flavors: r-release-macos-arm64, r-oldrel-macos-arm64
Version: 0.0.20
Check: package dependencies
Result: NOTE
Packages suggested but not available for checking: 'dada2', 'DECIPHER'
Flavor: r-oldrel-macos-x86_64