CRAN Package Check Results for Package microbial

Last updated on 2021-08-04 02:50:05 CEST.

Flavor Version Tinstall Tcheck Ttotal Status Flags
r-devel-linux-x86_64-debian-clang 0.0.19 52.15 537.91 590.06 OK
r-devel-linux-x86_64-debian-gcc 0.0.19 45.45 399.27 444.72 OK
r-devel-linux-x86_64-fedora-clang 0.0.19 736.89 NOTE
r-devel-linux-x86_64-fedora-gcc 0.0.19 724.31 NOTE
r-devel-windows-x86_64 0.0.19 75.00 598.00 673.00 OK
r-devel-windows-x86_64-gcc10-UCRT 0.0.19 NOTE
r-patched-linux-x86_64 0.0.19 49.86 505.37 555.23 OK
r-patched-solaris-x86 0.0.19 1004.40 NOTE
r-release-linux-x86_64 0.0.19 52.33 502.19 554.52 OK
r-release-macos-arm64 0.0.19 ERROR
r-release-macos-x86_64 0.0.19 ERROR
r-release-windows-ix86+x86_64 0.0.19 122.00 608.00 730.00 OK
r-oldrel-macos-x86_64 0.0.19 ERROR
r-oldrel-windows-ix86+x86_64 0.0.19 124.00 604.00 728.00 OK

Check Details

Version: 0.0.19
Check: package dependencies
Result: NOTE
    Imports includes 22 non-default packages.
    Importing from so many packages makes the package vulnerable to any of
    them becoming unavailable. Move as many as possible to Suggests and
    use conditionally.
Flavor: r-devel-linux-x86_64-fedora-clang

Version: 0.0.19
Check: dependencies in R code
Result: NOTE
    Namespace in Imports field not imported from: ‘testthat’
     All declared Imports should be used.
Flavors: r-devel-linux-x86_64-fedora-clang, r-devel-linux-x86_64-fedora-gcc, r-devel-windows-x86_64-gcc10-UCRT, r-patched-solaris-x86

Version: 0.0.19
Check: package dependencies
Result: ERROR
    Packages required but not available:
     'phyloseq', 'DESeq2', 'dada2', 'SummarizedExperiment', 'DECIPHER',
     'edgeR'
    
    See section ‘The DESCRIPTION file’ in the ‘Writing R Extensions’
    manual.
Flavor: r-release-macos-arm64

Version: 0.0.19
Check: package dependencies
Result: ERROR
    Packages required but not available: 'dada2', 'DECIPHER'
    
    See section ‘The DESCRIPTION file’ in the ‘Writing R Extensions’
    manual.
Flavors: r-release-macos-x86_64, r-oldrel-macos-x86_64