CRAN Package Check Results for Package microeco

Last updated on 2021-08-04 02:50:05 CEST.

Flavor Version Tinstall Tcheck Ttotal Status Flags
r-devel-linux-x86_64-debian-clang 0.4.0 22.91 140.01 162.92 OK
r-devel-linux-x86_64-debian-gcc 0.4.0 21.76 106.59 128.35 OK
r-devel-linux-x86_64-fedora-clang 0.4.0 207.92 OK
r-devel-linux-x86_64-fedora-gcc 0.4.0 192.77 OK
r-devel-windows-x86_64 0.4.0 26.00 171.00 197.00 OK
r-devel-windows-x86_64-gcc10-UCRT 0.4.0 OK
r-patched-linux-x86_64 0.4.0 29.02 132.49 161.51 OK
r-patched-solaris-x86 0.4.0 275.00 OK
r-release-linux-x86_64 0.4.0 25.69 131.85 157.54 OK
r-release-macos-arm64 0.4.0 NOTE
r-release-macos-x86_64 0.4.0 NOTE
r-release-windows-ix86+x86_64 0.4.0 44.00 127.00 171.00 OK
r-oldrel-macos-x86_64 0.4.0 NOTE
r-oldrel-windows-ix86+x86_64 0.4.0 31.00 174.00 205.00 OK

Check Details

Version: 0.4.0
Check: package dependencies
Result: NOTE
    Package suggested but not available for checking: ‘ggtree’
Flavors: r-release-macos-arm64, r-release-macos-x86_64, r-oldrel-macos-x86_64