CRAN Package Check Results for Package migest

Last updated on 2022-10-05 05:57:08 CEST.

Flavor Version Tinstall Tcheck Ttotal Status Flags
r-devel-linux-x86_64-debian-clang 2.0.2 5.51 53.89 59.40 OK
r-devel-linux-x86_64-debian-gcc 2.0.2 4.44 40.17 44.61 OK
r-devel-linux-x86_64-fedora-clang 2.0.2 89.21 NOTE
r-devel-linux-x86_64-fedora-gcc 2.0.2 79.69 NOTE
r-devel-windows-x86_64 2.0.2 9.00 92.00 101.00 OK
r-patched-linux-x86_64 2.0.2 5.42 47.83 53.25 OK
r-release-linux-x86_64 2.0.2 5.01 48.42 53.43 OK
r-release-macos-arm64 2.0.2 24.00 NOTE
r-release-macos-x86_64 2.0.2 44.00 NOTE
r-release-windows-x86_64 2.0.2 42.00 80.00 122.00 OK
r-oldrel-macos-arm64 2.0.2 131.00 NOTE
r-oldrel-macos-x86_64 2.0.2 31.00 NOTE
r-oldrel-windows-ix86+x86_64 2.0.2 10.00 79.00 89.00 OK

Check Details

Version: 2.0.2
Check: data for non-ASCII characters
Result: NOTE
     Note: found 4 marked UTF-8 strings
Flavors: r-devel-linux-x86_64-fedora-clang, r-devel-linux-x86_64-fedora-gcc, r-release-macos-arm64, r-release-macos-x86_64, r-oldrel-macos-arm64, r-oldrel-macos-x86_64