CRAN Package Check Results for Package misc3d

Last updated on 2021-09-21 02:49:08 CEST.

Flavor Version Tinstall Tcheck Ttotal Status Flags
r-devel-linux-x86_64-debian-clang 0.9-0 6.27 48.68 54.95 OK
r-devel-linux-x86_64-debian-gcc 0.9-0 4.91 38.04 42.95 OK
r-devel-linux-x86_64-fedora-clang 0.9-0 78.73 NOTE
r-devel-linux-x86_64-fedora-gcc 0.9-0 67.88 OK
r-devel-windows-x86_64 0.9-0 6.00 51.00 57.00 OK
r-devel-windows-x86_64-gcc10-UCRT 0.9-0 ERROR
r-patched-linux-x86_64 0.9-0 6.00 49.11 55.11 OK
r-patched-solaris-x86 0.9-0 95.10 OK
r-release-linux-x86_64 0.9-0 6.23 49.07 55.30 OK
r-release-macos-arm64 0.9-0 OK
r-release-macos-x86_64 0.9-0 OK
r-release-windows-ix86+x86_64 0.9-0 9.00 53.00 62.00 OK
r-oldrel-macos-x86_64 0.9-0 OK
r-oldrel-windows-ix86+x86_64 0.9-0 11.00 57.00 68.00 OK

Check Details

Version: 0.9-0
Check: Rd cross-references
Result: NOTE
    Undeclared package ‘scatterplot3d’ in Rd xrefs
Flavor: r-devel-linux-x86_64-fedora-clang

Version: 0.9-0
Check: whether package can be installed
Result: WARN
    Found the following significant warnings:
     WARNING: installation-time patches will not be applied, could not get the patches index
Flavor: r-devel-windows-x86_64-gcc10-UCRT

Version: 0.9-0
Check: PDF version of manual
Result: WARN
    LaTeX errors when creating PDF version.
    This typically indicates Rd problems.
Flavor: r-devel-windows-x86_64-gcc10-UCRT

Version: 0.9-0
Check: PDF version of manual without hyperrefs or index
Result: ERROR
    Re-running with no redirection of stdout/stderr.
Flavor: r-devel-windows-x86_64-gcc10-UCRT