CRAN Package Check Results for Package mixsqp

Last updated on 2021-10-23 01:49:06 CEST.

Flavor Version Tinstall Tcheck Ttotal Status Flags
r-devel-linux-x86_64-debian-clang 0.3-43 77.01 119.29 196.30 OK
r-devel-linux-x86_64-debian-gcc 0.3-43 56.43 80.32 136.75 OK
r-devel-linux-x86_64-fedora-clang 0.3-43 270.35 OK
r-devel-linux-x86_64-fedora-gcc 0.3-43 236.40 OK
r-devel-windows-x86_64 0.3-43 104.00 139.00 243.00 OK
r-devel-windows-x86_64-gcc10-UCRT 0.3-43 OK
r-patched-linux-x86_64 0.3-43 67.98 104.33 172.31 OK
r-patched-solaris-x86 0.3-43 334.30 NOTE
r-release-linux-x86_64 0.3-43 65.68 103.88 169.56 OK
r-release-macos-arm64 0.3-43 OK
r-release-macos-x86_64 0.3-43 OK
r-release-windows-ix86+x86_64 0.3-43 149.00 186.00 335.00 OK
r-oldrel-macos-x86_64 0.3-43 OK
r-oldrel-windows-ix86+x86_64 0.3-43 200.00 199.00 399.00 OK

Check Details

Version: 0.3-43
Check: package dependencies
Result: NOTE
    Packages suggested but not available for checking: 'REBayes', 'Rmosek'
Flavor: r-patched-solaris-x86