CRAN Package Check Results for Package mlmRev

Last updated on 2021-09-22 02:49:30 CEST.

Flavor Version Tinstall Tcheck Ttotal Status Flags
r-devel-linux-x86_64-debian-clang 1.0-8 6.96 259.20 266.16 OK
r-devel-linux-x86_64-debian-gcc 1.0-8 5.83 197.74 203.57 OK
r-devel-linux-x86_64-fedora-clang 1.0-8 323.24 OK
r-devel-linux-x86_64-fedora-gcc 1.0-8 338.07 OK
r-devel-windows-x86_64 1.0-8 10.00 329.00 339.00 OK
r-devel-windows-x86_64-gcc10-UCRT 1.0-8 ERROR
r-patched-linux-x86_64 1.0-8 5.79 267.85 273.64 OK
r-patched-solaris-x86 1.0-8 715.50 OK
r-release-linux-x86_64 1.0-8 6.41 274.25 280.66 OK
r-release-macos-arm64 1.0-8 OK
r-release-macos-x86_64 1.0-8 OK
r-release-windows-ix86+x86_64 1.0-8 16.00 321.00 337.00 OK
r-oldrel-macos-x86_64 1.0-8 OK
r-oldrel-windows-ix86+x86_64 1.0-8 17.00 332.00 349.00 OK

Check Details

Version: 1.0-8
Check: whether package can be installed
Result: WARN
    Found the following significant warnings:
     WARNING: installation-time patches will not be applied, could not get the patches index
Flavor: r-devel-windows-x86_64-gcc10-UCRT

Version: 1.0-8
Check: PDF version of manual
Result: WARN
    LaTeX errors when creating PDF version.
    This typically indicates Rd problems.
Flavor: r-devel-windows-x86_64-gcc10-UCRT

Version: 1.0-8
Check: PDF version of manual without hyperrefs or index
Result: ERROR
    Re-running with no redirection of stdout/stderr.
Flavor: r-devel-windows-x86_64-gcc10-UCRT