CRAN Package Check Results for Package mnlogit

Last updated on 2021-09-17 02:48:56 CEST.

Flavor Version Tinstall Tcheck Ttotal Status Flags
r-devel-linux-x86_64-debian-clang 1.2.6 8.19 525.73 533.92 OK
r-devel-linux-x86_64-debian-gcc 1.2.6 5.16 399.59 404.75 OK
r-devel-linux-x86_64-fedora-clang 1.2.6 13.18 ERROR
r-devel-linux-x86_64-fedora-gcc 1.2.6 639.51 OK
r-devel-windows-x86_64 1.2.6 8.00 75.00 83.00 OK --no-vignettes
r-devel-windows-x86_64-gcc10-UCRT 1.2.6 OK
r-patched-linux-x86_64 1.2.6 7.24 525.16 532.40 OK
r-patched-solaris-x86 1.2.6 2128.40 WARN
r-release-linux-x86_64 1.2.6 5.48 511.22 516.70 OK
r-release-macos-arm64 1.2.6 OK
r-release-macos-x86_64 1.2.6 OK
r-release-windows-ix86+x86_64 1.2.6 18.00 64.00 82.00 OK --no-vignettes
r-oldrel-macos-x86_64 1.2.6 OK
r-oldrel-windows-ix86+x86_64 1.2.6 22.00 95.00 117.00 OK --no-vignettes

Check Details

Version: 1.2.6
Check: whether package can be installed
Result: ERROR
    Installation failed.
Flavor: r-devel-linux-x86_64-fedora-clang

Version: 1.2.6
Check: re-building of vignette outputs
Result: WARN
    Error(s) in re-building vignettes:
     ...
    --- re-building ‘mnlogit.Rnw’ using Sweave
    Package: mnlogit
    Version: 1.2.6
    Multinomial Logit Choice Models.
    Scientific Computing Group, Sentrana Inc.
    Loading required package: dfidx
    
    Attaching package: 'dfidx'
    
    The following object is masked from 'package:stats':
    
     filter
    
    
    Attaching package: 'mlogit'
    
    The following objects are masked from 'package:mnlogit':
    
     hmftest, index, scoretest
    
    Loading required package: stats4
    Loading required package: splines
    
    Attaching package: 'VGAM'
    
    The following objects are masked from 'package:mlogit':
    
     has.intercept, lrtest
    
    The following object is masked from 'package:mnlogit':
    
     lrtest
Flavor: r-patched-solaris-x86