CRAN Package Check Results for Package molic

Last updated on 2021-09-26 02:50:33 CEST.

Flavor Version Tinstall Tcheck Ttotal Status Flags
r-devel-linux-x86_64-debian-clang 2.0.3 47.15 142.16 189.31 OK
r-devel-linux-x86_64-debian-gcc 2.0.3 31.82 103.05 134.87 OK
r-devel-linux-x86_64-fedora-clang 2.0.3 232.69 NOTE
r-devel-linux-x86_64-fedora-gcc 2.0.3 228.75 OK
r-devel-windows-x86_64 2.0.3 40.00 156.00 196.00 OK
r-devel-windows-x86_64-gcc10-UCRT 2.0.3 OK
r-patched-linux-x86_64 2.0.3 37.79 141.89 179.68 OK
r-patched-solaris-x86 2.0.3 279.90 OK
r-release-linux-x86_64 2.0.3 31.26 142.71 173.97 OK
r-release-macos-arm64 2.0.3 NOTE
r-release-macos-x86_64 2.0.3 NOTE
r-release-windows-ix86+x86_64 2.0.3 94.00 177.00 271.00 NOTE
r-oldrel-macos-x86_64 2.0.3 NOTE
r-oldrel-windows-ix86+x86_64 2.0.3 71.00 178.00 249.00 NOTE

Check Details

Version: 2.0.3
Check: installed package size
Result: NOTE
     installed size is 5.2Mb
     sub-directories of 1Mb or more:
     extdata 1.6Mb
     libs 2.3Mb
Flavors: r-devel-linux-x86_64-fedora-clang, r-release-macos-arm64, r-release-macos-x86_64, r-release-windows-ix86+x86_64, r-oldrel-macos-x86_64, r-oldrel-windows-ix86+x86_64