CRAN Package Check Results for Package monitoR

Last updated on 2021-05-18 02:49:20 CEST.

Flavor Version Tinstall Tcheck Ttotal Status Flags
r-devel-linux-x86_64-debian-clang 1.0.7 10.87 125.15 136.02 OK
r-devel-linux-x86_64-debian-gcc 1.0.7 10.09 95.45 105.54 OK
r-devel-linux-x86_64-fedora-clang 1.0.7 172.18 NOTE
r-devel-linux-x86_64-fedora-gcc 1.0.7 162.75 OK
r-devel-windows-ix86+x86_64 1.0.7 25.00 114.00 139.00 OK
r-devel-windows-x86_64-gcc10-UCRT 1.0.7 OK
r-patched-linux-x86_64 1.0.7 13.09 122.77 135.86 OK
r-patched-solaris-x86 1.0.7 221.30 OK
r-release-linux-x86_64 1.0.7 12.10 117.60 129.70 OK
r-release-macos-x86_64 1.0.7 OK
r-release-windows-ix86+x86_64 1.0.7 15.00 105.00 120.00 OK
r-oldrel-macos-x86_64 1.0.7 OK
r-oldrel-windows-ix86+x86_64 1.0.7 12.00 134.00 146.00 OK

Check Details

Version: 1.0.7
Check: Rd cross-references
Result: NOTE
    Undeclared package ‘seewave’ in Rd xrefs
Flavor: r-devel-linux-x86_64-fedora-clang