CRAN Package Check Results for Package mortyr

Last updated on 2022-08-09 03:53:04 CEST.

Flavor Version Tinstall Tcheck Ttotal Status Flags
r-devel-linux-x86_64-debian-clang 0.0.2 2.18 26.53 28.71 NOTE
r-devel-linux-x86_64-debian-gcc 0.0.2 1.60 20.58 22.18 NOTE
r-devel-linux-x86_64-fedora-clang 0.0.2 45.09 NOTE
r-devel-linux-x86_64-fedora-gcc 0.0.2 43.94 NOTE
r-devel-windows-x86_64 0.0.2 14.00 65.00 79.00 NOTE
r-patched-linux-x86_64 0.0.2 2.15 25.51 27.66 NOTE
r-release-linux-x86_64 0.0.2 NOTE
r-release-macos-arm64 0.0.2 34.00 NOTE
r-release-macos-x86_64 0.0.2 44.00 NOTE
r-release-windows-x86_64 0.0.2 8.00 74.00 82.00 NOTE
r-oldrel-macos-arm64 0.0.2 41.00 NOTE
r-oldrel-macos-x86_64 0.0.2 46.00 NOTE
r-oldrel-windows-ix86+x86_64 0.0.2 6.00 54.00 60.00 NOTE

Check Details

Version: 0.0.2
Check: LazyData
Result: NOTE
     'LazyData' is specified without a 'data' directory
Flavors: r-devel-linux-x86_64-debian-clang, r-devel-linux-x86_64-debian-gcc, r-devel-linux-x86_64-fedora-clang, r-devel-linux-x86_64-fedora-gcc, r-devel-windows-x86_64, r-patched-linux-x86_64, r-release-linux-x86_64, r-release-macos-arm64, r-release-macos-x86_64, r-release-windows-x86_64, r-oldrel-macos-arm64, r-oldrel-macos-x86_64, r-oldrel-windows-ix86+x86_64