CRAN Package Check Results for Package mosaicCalc

Last updated on 2021-09-26 02:50:33 CEST.

Flavor Version Tinstall Tcheck Ttotal Status Flags
r-devel-linux-x86_64-debian-clang 0.5.1 13.32 119.27 132.59 NOTE
r-devel-linux-x86_64-debian-gcc 0.5.1 10.49 88.17 98.66 NOTE
r-devel-linux-x86_64-fedora-clang 0.5.1 160.93 NOTE
r-devel-linux-x86_64-fedora-gcc 0.5.1 151.74 NOTE
r-devel-windows-x86_64 0.5.1 18.00 103.00 121.00 NOTE
r-devel-windows-x86_64-gcc10-UCRT 0.5.1 NOTE
r-patched-linux-x86_64 0.5.1 12.47 110.86 123.33 NOTE
r-patched-solaris-x86 0.5.1 218.50 NOTE
r-release-linux-x86_64 0.5.1 12.55 113.83 126.38 NOTE
r-release-macos-arm64 0.5.1 NOTE
r-release-macos-x86_64 0.5.1 NOTE
r-release-windows-ix86+x86_64 0.5.1 33.00 101.00 134.00 NOTE
r-oldrel-macos-x86_64 0.5.1 NOTE
r-oldrel-windows-ix86+x86_64 0.5.1 22.00 99.00 121.00 OK

Check Details

Version: 0.5.1
Check: LazyData
Result: NOTE
     'LazyData' is specified without a 'data' directory
Flavors: r-devel-linux-x86_64-debian-clang, r-devel-linux-x86_64-debian-gcc, r-devel-linux-x86_64-fedora-clang, r-devel-linux-x86_64-fedora-gcc, r-devel-windows-x86_64, r-devel-windows-x86_64-gcc10-UCRT, r-patched-linux-x86_64, r-patched-solaris-x86, r-release-linux-x86_64, r-release-macos-arm64, r-release-macos-x86_64, r-release-windows-ix86+x86_64

Version: 0.5.1
Check: dependencies in R code
Result: NOTE
    Namespaces in Imports field not imported from:
     ‘ggformula’ ‘magrittr’ ‘rlang’
     All declared Imports should be used.
Flavors: r-devel-linux-x86_64-fedora-clang, r-devel-linux-x86_64-fedora-gcc, r-devel-windows-x86_64-gcc10-UCRT, r-patched-solaris-x86, r-release-macos-arm64, r-release-macos-x86_64, r-oldrel-macos-x86_64