CRAN Package Check Results for Package motif

Last updated on 2021-08-02 02:49:57 CEST.

Flavor Version Tinstall Tcheck Ttotal Status Flags
r-devel-linux-x86_64-debian-clang 0.4.3 105.04 137.85 242.89 OK
r-devel-linux-x86_64-debian-gcc 0.4.3 70.78 101.43 172.21 OK
r-devel-linux-x86_64-fedora-clang 0.4.3 315.38 NOTE
r-devel-linux-x86_64-fedora-gcc 0.4.3 305.46 OK
r-devel-windows-x86_64 0.4.3 87.00 197.00 284.00 OK
r-devel-windows-x86_64-gcc10-UCRT 0.4.3 OK
r-patched-linux-x86_64 0.4.3 OK
r-patched-solaris-x86 0.4.3 366.30 OK
r-release-linux-x86_64 0.4.3 77.26 126.13 203.39 OK
r-release-macos-arm64 0.4.3 NOTE
r-release-macos-x86_64 0.4.3 NOTE
r-release-windows-ix86+x86_64 0.4.3 241.00 275.00 516.00 NOTE
r-oldrel-macos-x86_64 0.4.3 NOTE
r-oldrel-windows-ix86+x86_64 0.4.3 176.00 285.00 461.00 NOTE

Check Details

Version: 0.4.3
Check: installed package size
Result: NOTE
     installed size is 6.3Mb
     sub-directories of 1Mb or more:
     libs 3.0Mb
     raster 2.2Mb
Flavors: r-devel-linux-x86_64-fedora-clang, r-release-macos-arm64, r-release-macos-x86_64, r-release-windows-ix86+x86_64, r-oldrel-macos-x86_64, r-oldrel-windows-ix86+x86_64