CRAN Package Check Results for Package mousetrack

Last updated on 2022-01-28 02:51:04 CET.

Flavor Version Tinstall Tcheck Ttotal Status Flags
r-devel-linux-x86_64-debian-clang 1.0.0 2.69 34.62 37.31 NOTE
r-devel-linux-x86_64-debian-gcc 1.0.0 2.06 27.45 29.51 NOTE
r-devel-linux-x86_64-fedora-clang 1.0.0 46.34 NOTE
r-devel-linux-x86_64-fedora-gcc 1.0.0 35.71 NOTE
r-devel-windows-x86_64-new-UL 1.0.0 29.00 56.00 85.00 NOTE
r-devel-windows-x86_64-new-TK 1.0.0 NOTE
r-patched-linux-x86_64 1.0.0 1.95 34.18 36.13 NOTE
r-release-linux-x86_64 1.0.0 2.77 33.64 36.41 NOTE
r-release-macos-arm64 1.0.0 NOTE
r-release-macos-x86_64 1.0.0 NOTE
r-release-windows-ix86+x86_64 1.0.0 6.00 40.00 46.00 NOTE
r-oldrel-macos-x86_64 1.0.0 NOTE
r-oldrel-windows-ix86+x86_64 1.0.0 6.00 43.00 49.00 NOTE

Check Details

Version: 1.0.0
Check: R code for possible problems
Result: NOTE
    getmouseDV: no visible global function definition for 'tail'
    interpltraj: no visible global function definition for 'approx'
    trim1: no visible global function definition for 'tail'
    Undefined global functions or variables:
     approx tail
    Consider adding
     importFrom("stats", "approx")
     importFrom("utils", "tail")
    to your NAMESPACE file.
Flavors: r-devel-linux-x86_64-debian-clang, r-devel-linux-x86_64-debian-gcc, r-devel-linux-x86_64-fedora-clang, r-devel-linux-x86_64-fedora-gcc, r-devel-windows-x86_64-new-UL, r-devel-windows-x86_64-new-TK, r-patched-linux-x86_64, r-release-linux-x86_64, r-release-macos-arm64, r-release-macos-x86_64, r-release-windows-ix86+x86_64, r-oldrel-macos-x86_64, r-oldrel-windows-ix86+x86_64