CRAN Package Check Results for Package movMF

Last updated on 2021-11-30 02:51:05 CET.

Flavor Version Tinstall Tcheck Ttotal Status Flags
r-devel-linux-x86_64-debian-clang 0.2-6 4.81 78.75 83.56 NOTE
r-devel-linux-x86_64-debian-gcc 0.2-6 3.51 61.39 64.90 NOTE
r-devel-linux-x86_64-fedora-clang 0.2-6 113.10 NOTE
r-devel-linux-x86_64-fedora-gcc 0.2-6 99.92 NOTE
r-devel-windows-x86_64-new-UL 0.2-6 14.00 181.00 195.00 NOTE
r-devel-windows-x86_64-new-TK 0.2-6 NOTE
r-devel-windows-x86_64-old 0.2-6 11.00 93.00 104.00 NOTE
r-patched-linux-x86_64 0.2-6 4.11 67.08 71.19 NOTE
r-patched-solaris-x86 0.2-6 124.40 NOTE
r-release-linux-x86_64 0.2-6 4.67 67.07 71.74 NOTE
r-release-macos-arm64 0.2-6 NOTE
r-release-macos-x86_64 0.2-6 NOTE
r-release-windows-ix86+x86_64 0.2-6 16.00 84.00 100.00 NOTE
r-oldrel-macos-x86_64 0.2-6 NOTE
r-oldrel-windows-ix86+x86_64 0.2-6 12.00 85.00 97.00 NOTE

Check Details

Version: 0.2-6
Check: package dependencies
Result: NOTE
    Package suggested but not available for checking: 'corpus.useR.2008.abstracts'
Flavors: r-devel-linux-x86_64-debian-clang, r-devel-linux-x86_64-debian-gcc, r-devel-linux-x86_64-fedora-clang, r-devel-linux-x86_64-fedora-gcc, r-devel-windows-x86_64-new-UL, r-devel-windows-x86_64-new-TK, r-devel-windows-x86_64-old, r-patched-linux-x86_64, r-patched-solaris-x86, r-release-linux-x86_64, r-release-macos-arm64, r-release-macos-x86_64, r-release-windows-ix86+x86_64, r-oldrel-macos-x86_64, r-oldrel-windows-ix86+x86_64