CRAN Package Check Results for Package mplot

Last updated on 2021-09-21 02:49:09 CEST.

Flavor Version Tinstall Tcheck Ttotal Status Flags
r-devel-linux-x86_64-debian-clang 1.0.6 8.89 80.36 89.25 OK
r-devel-linux-x86_64-debian-gcc 1.0.6 5.83 58.46 64.29 OK
r-devel-linux-x86_64-fedora-clang 1.0.6 107.06 OK
r-devel-linux-x86_64-fedora-gcc 1.0.6 97.25 OK
r-devel-windows-x86_64 1.0.6 9.00 76.00 85.00 OK
r-devel-windows-x86_64-gcc10-UCRT 1.0.6 ERROR
r-patched-linux-x86_64 1.0.6 8.21 74.39 82.60 OK
r-patched-solaris-x86 1.0.6 143.40 OK
r-release-linux-x86_64 1.0.6 7.55 73.98 81.53 OK
r-release-macos-arm64 1.0.6 OK
r-release-macos-x86_64 1.0.6 OK
r-release-windows-ix86+x86_64 1.0.6 17.00 77.00 94.00 OK
r-oldrel-macos-x86_64 1.0.6 OK
r-oldrel-windows-ix86+x86_64 1.0.6 19.00 77.00 96.00 OK

Check Details

Version: 1.0.6
Check: whether package can be installed
Result: WARN
    Found the following significant warnings:
     WARNING: installation-time patches will not be applied, could not get the patches index
Flavor: r-devel-windows-x86_64-gcc10-UCRT

Version: 1.0.6
Check: PDF version of manual
Result: WARN
    LaTeX errors when creating PDF version.
    This typically indicates Rd problems.
Flavor: r-devel-windows-x86_64-gcc10-UCRT

Version: 1.0.6
Check: PDF version of manual without hyperrefs or index
Result: ERROR
    Re-running with no redirection of stdout/stderr.
Flavor: r-devel-windows-x86_64-gcc10-UCRT