CRAN Package Check Results for Package multiApply

Last updated on 2022-07-02 02:53:08 CEST.

Flavor Version Tinstall Tcheck Ttotal Status Flags
r-devel-linux-x86_64-debian-clang 2.1.3 3.31 34.84 38.15 NOTE
r-devel-linux-x86_64-debian-gcc 2.1.3 2.61 26.49 29.10 NOTE
r-devel-linux-x86_64-fedora-clang 2.1.3 57.25 NOTE
r-devel-linux-x86_64-fedora-gcc 2.1.3 55.40 NOTE
r-devel-windows-x86_64 2.1.3 12.00 57.00 69.00 NOTE
r-patched-linux-x86_64 2.1.3 2.65 33.06 35.71 NOTE
r-release-linux-x86_64 2.1.3 3.30 33.37 36.67 NOTE
r-release-macos-arm64 2.1.3 18.00 NOTE
r-release-macos-x86_64 2.1.3 25.00 NOTE
r-release-windows-x86_64 2.1.3 8.00 60.00 68.00 NOTE
r-oldrel-macos-arm64 2.1.3 28.00 NOTE
r-oldrel-macos-x86_64 2.1.3 32.00 NOTE
r-oldrel-windows-ix86+x86_64 2.1.3 10.00 55.00 65.00 NOTE

Check Details

Version: 2.1.3
Check: LazyData
Result: NOTE
     'LazyData' is specified without a 'data' directory
Flavors: r-devel-linux-x86_64-debian-clang, r-devel-linux-x86_64-debian-gcc, r-devel-linux-x86_64-fedora-clang, r-devel-linux-x86_64-fedora-gcc, r-devel-windows-x86_64, r-patched-linux-x86_64, r-release-linux-x86_64, r-release-macos-arm64, r-release-macos-x86_64, r-release-windows-x86_64, r-oldrel-macos-arm64, r-oldrel-macos-x86_64, r-oldrel-windows-ix86+x86_64