CRAN Package Check Results for Package multiRDPG

Last updated on 2022-01-29 02:49:55 CET.

Flavor Version Tinstall Tcheck Ttotal Status Flags
r-devel-linux-x86_64-debian-clang 1.0.1 2.08 33.30 35.38 NOTE
r-devel-linux-x86_64-debian-gcc 1.0.1 1.64 25.50 27.14 NOTE
r-devel-linux-x86_64-fedora-clang 1.0.1 43.24 NOTE
r-devel-linux-x86_64-fedora-gcc 1.0.1 32.28 NOTE
r-devel-windows-x86_64-new-UL 1.0.1 28.00 46.00 74.00 NOTE
r-devel-windows-x86_64-new-TK 1.0.1 NOTE
r-patched-linux-x86_64 1.0.1 2.43 31.49 33.92 NOTE
r-release-linux-x86_64 1.0.1 1.57 32.24 33.81 NOTE
r-release-macos-arm64 1.0.1 NOTE
r-release-macos-x86_64 1.0.1 NOTE
r-release-windows-ix86+x86_64 1.0.1 5.00 27.00 32.00 NOTE
r-oldrel-macos-x86_64 1.0.1 OK
r-oldrel-windows-ix86+x86_64 1.0.1 7.00 26.00 33.00 OK

Check Details

Version: 1.0.1
Check: LazyData
Result: NOTE
     'LazyData' is specified without a 'data' directory
Flavors: r-devel-linux-x86_64-debian-clang, r-devel-linux-x86_64-debian-gcc, r-devel-linux-x86_64-fedora-clang, r-devel-linux-x86_64-fedora-gcc, r-devel-windows-x86_64-new-UL, r-devel-windows-x86_64-new-TK, r-patched-linux-x86_64, r-release-linux-x86_64, r-release-macos-arm64, r-release-macos-x86_64, r-release-windows-ix86+x86_64