CRAN Package Check Results for Package multiRDPG

Last updated on 2022-08-16 04:53:43 CEST.

Flavor Version Tinstall Tcheck Ttotal Status Flags
r-devel-linux-x86_64-debian-clang 1.0.1 1.61 25.50 27.11 NOTE
r-devel-linux-x86_64-debian-gcc 1.0.1 1.82 19.61 21.43 NOTE
r-devel-linux-x86_64-fedora-clang 1.0.1 45.03 NOTE
r-devel-linux-x86_64-fedora-gcc 1.0.1 43.90 NOTE
r-devel-windows-x86_64 1.0.1 19.00 46.00 65.00 NOTE
r-patched-linux-x86_64 1.0.1 2.45 24.66 27.11 NOTE
r-release-linux-x86_64 1.0.1 2.05 24.76 26.81 NOTE
r-release-macos-arm64 1.0.1 15.00 NOTE
r-release-macos-x86_64 1.0.1 20.00 NOTE
r-release-windows-x86_64 1.0.1 6.00 46.00 52.00 NOTE
r-oldrel-macos-arm64 1.0.1 19.00 NOTE
r-oldrel-macos-x86_64 1.0.1 26.00 NOTE
r-oldrel-windows-ix86+x86_64 1.0.1 5.00 27.00 32.00 NOTE

Check Details

Version: 1.0.1
Check: LazyData
Result: NOTE
     'LazyData' is specified without a 'data' directory
Flavors: r-devel-linux-x86_64-debian-clang, r-devel-linux-x86_64-debian-gcc, r-devel-linux-x86_64-fedora-clang, r-devel-linux-x86_64-fedora-gcc, r-devel-windows-x86_64, r-patched-linux-x86_64, r-release-linux-x86_64, r-release-macos-arm64, r-release-macos-x86_64, r-release-windows-x86_64, r-oldrel-macos-arm64, r-oldrel-macos-x86_64, r-oldrel-windows-ix86+x86_64