CRAN Package Check Results for Package multifear

Last updated on 2021-07-30 02:51:46 CEST.

Flavor Version Tinstall Tcheck Ttotal Status Flags
r-devel-linux-x86_64-debian-clang 0.1.2 OK
r-devel-linux-x86_64-debian-gcc 0.1.2 5.26 118.19 123.45 OK
r-devel-linux-x86_64-fedora-clang 0.1.2 206.13 NOTE
r-devel-linux-x86_64-fedora-gcc 0.1.2 194.77 NOTE
r-devel-windows-x86_64 0.1.2 20.00 191.00 211.00 OK
r-devel-windows-x86_64-gcc10-UCRT 0.1.2 NOTE
r-patched-linux-x86_64 0.1.2 OK
r-patched-solaris-x86 0.1.2 269.40 NOTE
r-release-linux-x86_64 0.1.2 6.10 151.69 157.79 OK
r-release-macos-arm64 0.1.2 NOTE
r-release-macos-x86_64 0.1.2 NOTE
r-release-windows-ix86+x86_64 0.1.2 16.00 193.00 209.00 OK
r-oldrel-macos-x86_64 0.1.2 NOTE
r-oldrel-windows-ix86+x86_64 0.1.2 17.00 202.00 219.00 OK

Check Details

Version: 0.1.2
Check: dependencies in R code
Result: NOTE
    Namespace in Imports field not imported from: ‘ez’
     All declared Imports should be used.
Flavors: r-devel-linux-x86_64-fedora-clang, r-devel-linux-x86_64-fedora-gcc, r-devel-windows-x86_64-gcc10-UCRT, r-patched-solaris-x86, r-release-macos-arm64, r-release-macos-x86_64, r-oldrel-macos-x86_64