CRAN Package Check Results for Package multispatialCCM

Last updated on 2022-05-24 02:52:44 CEST.

Flavor Version Tinstall Tcheck Ttotal Status Flags
r-devel-linux-x86_64-debian-clang 1.2 3.22 35.66 38.88 OK
r-devel-linux-x86_64-debian-gcc 1.2 2.31 27.30 29.61 OK
r-devel-linux-x86_64-fedora-clang 1.2 47.58 NOTE
r-devel-linux-x86_64-fedora-gcc 1.2 36.35 NOTE
r-devel-windows-x86_64 1.2 40.00 49.00 89.00 OK
r-patched-linux-x86_64 1.2 3.06 34.75 37.81 OK
r-release-linux-x86_64 1.2 OK
r-release-macos-arm64 1.2 18.00 OK
r-release-macos-x86_64 1.2 24.00 OK
r-release-windows-x86_64 1.2 40.00 48.00 88.00 OK
r-oldrel-macos-arm64 1.2 20.00 OK
r-oldrel-macos-x86_64 1.2 23.00 OK
r-oldrel-windows-ix86+x86_64 1.2 10.00 48.00 58.00 OK

Check Details

Version: 1.2
Check: compiled code
Result: NOTE
    File ‘multispatialCCM/libs/multispatialCCM.so’:
     Found no calls to: ‘R_registerRoutines’, ‘R_useDynamicSymbols’
    
    It is good practice to register native routines and to disable symbol
    search.
    
    See ‘Writing portable packages’ in the ‘Writing R Extensions’ manual.
Flavors: r-devel-linux-x86_64-fedora-clang, r-devel-linux-x86_64-fedora-gcc