Last updated on 2022-06-29 02:55:16 CEST.
Flavor | Version | Tinstall | Tcheck | Ttotal | Status | Flags |
---|---|---|---|---|---|---|
r-devel-linux-x86_64-debian-clang | 0.5.1 | 2.02 | 24.49 | 26.51 | OK | |
r-devel-linux-x86_64-debian-gcc | 0.5.1 | 1.89 | 19.05 | 20.94 | OK | |
r-devel-linux-x86_64-fedora-clang | 0.5.1 | 43.20 | OK | |||
r-devel-linux-x86_64-fedora-gcc | 0.5.1 | 42.49 | OK | |||
r-devel-windows-x86_64 | 0.5.1 | 27.00 | 52.00 | 79.00 | ERROR | |
r-patched-linux-x86_64 | 0.5.1 | 2.57 | 23.56 | 26.13 | OK | |
r-release-linux-x86_64 | 0.5.1 | 2.21 | 24.17 | 26.38 | OK | |
r-release-macos-arm64 | 0.5.1 | 17.00 | OK | |||
r-release-macos-x86_64 | 0.5.1 | 23.00 | OK | |||
r-release-windows-x86_64 | 0.5.1 | 30.00 | 51.00 | 81.00 | ERROR | |
r-oldrel-macos-arm64 | 0.5.1 | 20.00 | OK | |||
r-oldrel-macos-x86_64 | 0.5.1 | 36.00 | OK | |||
r-oldrel-windows-ix86+x86_64 | 0.5.1 | 5.00 | 44.00 | 49.00 | OK |
Version: 0.5.1
Check: tests
Result: ERROR
Running 'testthat.R' [5s]
Running the tests in 'tests/testthat.R' failed.
Complete output:
> library(testthat)
> test_check("nat.utils")
Loading required package: nat.utils
[ FAIL 1 | WARN 0 | SKIP 1 | PASS 73 ]
══ Skipped tests ═══════════════════════════════════════════════════════════════
• touch only supported on unix platforms (1)
══ Failed tests ════════════════════════════════════════════════════════════════
── Failure (test-fsutils.r:79:3): common_path works ────────────────────────────
common_path(c("/a", "/b"), normalise = T) not equal to np("/").
1/1 mismatches
x[1]: "d:/"
y[1]: "D:/"
[ FAIL 1 | WARN 0 | SKIP 1 | PASS 73 ]
Error: Test failures
Execution halted
Flavors: r-devel-windows-x86_64, r-release-windows-x86_64