Last updated on 2022-05-22 02:49:08 CEST.
Flavor | Version | Tinstall | Tcheck | Ttotal | Status | Flags |
---|---|---|---|---|---|---|
r-devel-linux-x86_64-debian-clang | 1.19 | 9.62 | 50.66 | 60.28 | OK | |
r-devel-linux-x86_64-debian-gcc | 1.19 | 6.24 | 37.72 | 43.96 | OK | |
r-devel-linux-x86_64-fedora-clang | 1.19 | 72.46 | OK | |||
r-devel-linux-x86_64-fedora-gcc | 1.19 | 68.22 | OK | |||
r-devel-windows-x86_64 | 1.19 | 28.00 | 118.00 | 146.00 | NOTE | |
r-patched-linux-x86_64 | 1.19 | 8.30 | 47.23 | 55.53 | OK | |
r-release-linux-x86_64 | 1.19 | 7.07 | 47.11 | 54.18 | OK | |
r-release-macos-arm64 | 1.19 | 26.00 | NOTE | |||
r-release-macos-x86_64 | 1.19 | 32.00 | NOTE | |||
r-release-windows-x86_64 | 1.19 | 21.00 | 115.00 | 136.00 | NOTE | |
r-oldrel-macos-arm64 | 1.19 | 18.00 | NOTE | |||
r-oldrel-macos-x86_64 | 1.19 | 33.00 | NOTE | |||
r-oldrel-windows-ix86+x86_64 | 1.19 | 20.00 | 98.00 | 118.00 | NOTE |
Version: 1.19
Check: installed package size
Result: NOTE
installed size is 12.1Mb
sub-directories of 1Mb or more:
libs 11.8Mb
Flavors: r-devel-windows-x86_64, r-release-macos-arm64, r-release-macos-x86_64, r-release-windows-x86_64, r-oldrel-macos-arm64, r-oldrel-macos-x86_64, r-oldrel-windows-ix86+x86_64